{"id":10094,"date":"2021-04-21T20:47:27","date_gmt":"2021-04-21T18:47:27","guid":{"rendered":"http:\/\/gdsa30.fr\/?page_id=10094"},"modified":"2021-04-21T20:47:27","modified_gmt":"2021-04-21T18:47:27","slug":"la-loi-de-sante-animale-lsa-evolue","status":"publish","type":"page","link":"https:\/\/gdsa30.fr\/index.php\/la-loi-de-sante-animale-lsa-evolue\/","title":{"rendered":"La Loi de Sant\u00e9 Animale (LSA) \u00e9volue"},"content":{"rendered":"\n<p><strong>Message de la&nbsp;<a href=\"https:\/\/www.fnosad.com\/\" target=\"_blank\" rel=\"noreferrer noopener\">FNOSAD<\/a>&nbsp;aux TSA au sujet de la Loi de Sant\u00e9 Animale (= la LSA)<\/strong><\/p>\n\n\n\n<p>Date : 05 mars 2021<\/p>\n\n\n\n<p>Bonjour,<\/p>\n\n\n\n<p><strong>Une nouvelle loi<\/strong>&nbsp;va bient\u00f4t \u00eatre appliqu\u00e9e dans tous les pays de l\u2019UE (\u00e0 partir du 21 avril prochain).<\/p>\n\n\n\n<p>Il s\u2019agit d\u2019un R\u00e8glement europ\u00e9en (<a href=\"https:\/\/eur-lex.europa.eu\/legal-content\/FR\/TXT\/?uri=celex%3A32016R0429\" target=\"_blank\" rel=\"noreferrer noopener\"><u>R\u00e8glement (UE) 2016\/429 relatif aux maladies animales transmissibles<\/u><\/a>) dont l\u2019objet &nbsp;\u00ab vise \u00e0 pr\u00e9venir et \u00e0 lutter contre les maladies animales pouvant \u00eatre transmises \u00e0 d\u2019autres animaux ou aux \u00eatres humains \u00bb.<\/p>\n\n\n\n<p>A noter que \u00ab La l\u00e9gislation sur la sant\u00e9 animale fait partie d\u2019un train de mesures propos\u00e9 par la Commission europ\u00e9enne en mai 2013 visant \u00e0 un meilleur respect des normes de sant\u00e9 et de s\u00e9curit\u00e9 applicables \u00e0 l\u2019ensemble de la fili\u00e8re agroalimentaire. \u00bb<\/p>\n\n\n\n<p>Entre autres mesures, la Loi de Sant\u00e9 de Animale (ou la LSA)&nbsp;fixe une nouvelle classification des maladies, en cat\u00e9gories A-B-C-D-E, en fonction de leur gestion. Les maladies ne seront plus class\u00e9es en dangers sanitaires de cat\u00e9gorie 1, 2 ou 3.<\/p>\n\n\n\n<p>Cat\u00e9gorie A&nbsp;: maladie normalement absente de l\u2019UE : \u00e9radication imm\u00e9diate<\/p>\n\n\n\n<p>Cat\u00e9gorie B&nbsp;: maladie devant \u00eatre contr\u00f4l\u00e9e par l\u2019\u00c9tat Membre (EM) : \u00e9radication obligatoire<\/p>\n\n\n\n<p>Cat\u00e9gorie C&nbsp;: maladie soumise \u00e0 contr\u00f4le volontaire de l\u2019EM : \u00e9radication volontaire<\/p>\n\n\n\n<p>Cat\u00e9gorie D&nbsp;: maladie pour laquelle des restrictions aux mouvements s\u2019appliquent entre EM<\/p>\n\n\n\n<p>Cat\u00e9gorie E&nbsp;: maladie soumise \u00e0 surveillance<\/p>\n\n\n\n<p>Avec des combinaisons possibles : A+D+E, B+D+E, C+D+E, D+E, E<\/p>\n\n\n\n<p><strong>Quelle cat\u00e9gorisation pour les maladies apiaires ?<\/strong><\/p>\n\n\n\n<p>C + D + E&nbsp;: &nbsp;<\/p>\n\n\n\n<p>Varroose de l\u2019abeille (actuellement DS2)<\/p>\n\n\n\n<p>D + E&nbsp;:<\/p>\n\n\n\n<p>Infestation par&nbsp;<em>Aethina tumida<\/em>&nbsp;(actuellement DS1)<\/p>\n\n\n\n<p>Loque am\u00e9ricaine (actuellement DS1)<\/p>\n\n\n\n<p>Infestation due \u00e0&nbsp;<em>Tropilaelaps spp<\/em>. (actuellement DS1)<\/p>\n\n\n\n<p>Non cat\u00e9goris\u00e9s par la LSA&nbsp;:<\/p>\n\n\n\n<p>Frelon asiatique&nbsp;<em>Vespa velutina nigrithorax<\/em>(actuellement DS2)<\/p>\n\n\n\n<p>Nosemose \u00e0&nbsp;<em>Nosema apis<\/em>&nbsp;(actuellement DS1)<\/p>\n\n\n\n<p><strong>Quelles dispositions sont pr\u00e9vues par la France ?<\/strong><\/p>\n\n\n\n<p><strong>Quelles cons\u00e9quences pour la fili\u00e8re apicole ?<\/strong><\/p>\n\n\n\n<p>Chaque \u00c9tat membre doit&nbsp;<em>a minima<\/em>&nbsp;appliquer les dispositions pr\u00e9vues dans cette loi, mais peut aussi pr\u00e9voir des mesures plus exigeantes, c\u2019est-\u00e0-dire \u00ab \u00eatre mieux disant \u00bb (mais jamais \u00ab moins disant \u00bb).<\/p>\n\n\n\n<p>La&nbsp;<a href=\"https:\/\/www.fnosad.com\/\" target=\"_blank\" rel=\"noreferrer noopener\">FNOSAD<\/a>&nbsp;a particip\u00e9 aux diff\u00e9rentes r\u00e9unions de concertation sur ce sujet. Elle a exprim\u00e9 son point de vue ; il \u00e9tait parfois diff\u00e9rent des autres organisations apicoles, notamment pour la gestion de la loque am\u00e9ricaine, qu\u2019elle souhaitait voir garder le m\u00eame niveau de r\u00e8glementation qu\u2019actuellement.<\/p>\n\n\n\n<p>La consultation organis\u00e9e par la DGAL a pris fin d\u00e9but d\u00e9cembre dernier.<\/p>\n\n\n\n<p>La DGAL n\u2019a pas communiqu\u00e9 de mani\u00e8re officielle ou directe avec la FNOSAD, mais nous avons appris que la position de la France \u00e9tait la suivante :&nbsp;<\/p>\n\n\n\n<p>\u00ab \u2013 La responsabilit\u00e9 des apiculteurs&nbsp;en mati\u00e8re de pr\u00e9vention&nbsp;est renforc\u00e9e, dans l\u2019objectif d\u2019\u00e9viter l\u2019introduction de dangers sanitaires dans leurs ruchers, en particulier les parasites exotiques&nbsp;<a href=\"https:\/\/fr.wikipedia.org\/wiki\/Aethina_tumida\" target=\"_blank\" rel=\"noreferrer noopener\"><em>Aethina tumida<\/em><\/a>&nbsp;et&nbsp;<a href=\"https:\/\/fr.wikipedia.org\/wiki\/Tropilaelaps_clareae\" target=\"_blank\" rel=\"noreferrer noopener\"><em>Tropilaelaps spp<\/em>.<\/a>, ainsi que la&nbsp;<a href=\"https:\/\/fr.wikipedia.org\/wiki\/Paenibacillus_larvae\" target=\"_blank\" rel=\"noreferrer noopener\">loque am\u00e9ricaine<\/a>. La formation sanitaire des apiculteurs devra \u00eatre renforc\u00e9e. Une visite sanitaire apicole r\u00e9alis\u00e9e par un v\u00e9t\u00e9rinaire pourra \u00eatre rendue obligatoire. Les certificats sanitaires aux mouvements entre \u00c9tats membres seront maintenus.<\/p>\n\n\n\n<p>\u2013&nbsp;En mati\u00e8re de surveillance&nbsp;: les apiculteurs seront tenus de d\u00e9clarer \u00e0 l\u2019autorit\u00e9 comp\u00e9tente (Directions d\u00e9partementales en charge de la protection des populations), comme aujourd\u2019hui, toutes les suspicions et tous les foyers de maladies r\u00e9glement\u00e9es (concernera avec la LSA :&nbsp;<em>Aethina tumida<\/em>,&nbsp;<em>Tropilaelaps spp<\/em>., la loque am\u00e9ricaine et Varroa \u2013 dans les territoires indemnes pour Varroa), mais \u00e9galement les \u00e9v\u00e9nements de sant\u00e9 significatifs (par exemple des mortalit\u00e9s massives).&nbsp;<\/p>\n\n\n\n<p>\u2013&nbsp;En mati\u00e8re de lutte&nbsp;: l\u2019administration n\u2019imposera plus de mesures de police sanitaire en cas de suspicion ou de confirmation de foyers de loque am\u00e9ricaine (<em>Paenibacillus larvae<\/em>) ou de nos\u00e9mose \u00e0&nbsp;<a href=\"https:\/\/fr.wikipedia.org\/wiki\/Nosema_apis\" target=\"_blank\" rel=\"noreferrer noopener\"><em>Nosema apis<\/em><\/a>. Pour ces maladies, la fili\u00e8re apicole pourra s\u2019organiser pour mettre en place un plan collectif volontaire de lutte, qui pourra \u00eatre reconnu par l\u2019\u00c9tat pour \u00eatre rendu obligatoire, sans pour autant que l\u2019\u00c9tat ait la responsabilit\u00e9 de son contr\u00f4le.&nbsp;<\/p>\n\n\n\n<p>L\u2019\u00c9tat conservera ses responsabilit\u00e9s (application de mesures de police sanitaire) dans le cas de la lutte contre&nbsp;<em>Aethina tumida<\/em>&nbsp;et&nbsp;<em>Tropilaelaps spp<\/em>. en cas de d\u00e9couvertes de premiers foyers, afin d\u2019offrir une chance \u00e0 une \u00e9radication rapide. \u00bb<\/p>\n\n\n\n<p>Nous vous informerons d\u00e8s que nous en aurons connaissance des modalit\u00e9s exactes de mise en \u0153uvre de ces nouvelles dispositions l\u00e9gislatives.<\/p>\n\n\n\n<p>Nous vous laissons appr\u00e9cier par vous-m\u00eames les cons\u00e9quences qu\u2019elles auront au niveau des DDPP, des diff\u00e9rents acteurs sanitaires et de la gestion globale de la sant\u00e9 des abeilles.<\/p>\n\n\n\n<p>Un article d\u00e9taillant certains points de cette LSA ainsi-que les arguments d\u00e9fendus par la FNOSAD sera publi\u00e9 dans le prochain N\u00b0 de La Sant\u00e9 de l\u2019Abeille.<\/p>\n\n\n\n<p>Bien cordialement<\/p>\n\n\n\n<p>L\u2019\u00e9quipe de la&nbsp;<a href=\"https:\/\/www.fnosad.com\/\" target=\"_blank\" rel=\"noreferrer noopener\">FNOSAD<\/a><\/p>\n","protected":false},"excerpt":{"rendered":"<p>Message de la&nbsp;FNOSAD&nbsp;aux TSA au sujet de la Loi de Sant\u00e9 Animale (= la LSA) Date : 05 mars 2021 Bonjour, Une nouvelle loi&nbsp;va bient\u00f4t \u00eatre appliqu\u00e9e dans tous les pays de l\u2019UE (\u00e0 partir du 21 avril prochain). Il s\u2019agit d\u2019un R\u00e8glement europ\u00e9en (R\u00e8glement (UE) 2016\/429 relatif aux maladies animales transmissibles) dont l\u2019objet &nbsp;\u00ab vise \u00e0 pr\u00e9venir et \u00e0 lutter contre les maladies animales pouvant \u00eatre transmises \u00e0 d\u2019autres animaux ou aux \u00eatres humains \u00bb. A noter que \u00ab&#8230;<\/p>\n<p class=\"read-more\"><a class=\"btn btn-default\" href=\"https:\/\/gdsa30.fr\/index.php\/la-loi-de-sante-animale-lsa-evolue\/\">Lire la suite<span class=\"screen-reader-text\"> Lire la suite<\/span><\/a><\/p>\n","protected":false},"author":3,"featured_media":0,"parent":0,"menu_order":0,"comment_status":"closed","ping_status":"closed","template":"","meta":{"footnotes":""},"class_list":["post-10094","page","type-page","status-publish","hentry"],"_links":{"self":[{"href":"https:\/\/gdsa30.fr\/index.php\/wp-json\/wp\/v2\/pages\/10094","targetHints":{"allow":["GET"]}}],"collection":[{"href":"https:\/\/gdsa30.fr\/index.php\/wp-json\/wp\/v2\/pages"}],"about":[{"href":"https:\/\/gdsa30.fr\/index.php\/wp-json\/wp\/v2\/types\/page"}],"author":[{"embeddable":true,"href":"https:\/\/gdsa30.fr\/index.php\/wp-json\/wp\/v2\/users\/3"}],"replies":[{"embeddable":true,"href":"https:\/\/gdsa30.fr\/index.php\/wp-json\/wp\/v2\/comments?post=10094"}],"version-history":[{"count":1,"href":"https:\/\/gdsa30.fr\/index.php\/wp-json\/wp\/v2\/pages\/10094\/revisions"}],"predecessor-version":[{"id":10096,"href":"https:\/\/gdsa30.fr\/index.php\/wp-json\/wp\/v2\/pages\/10094\/revisions\/10096"}],"wp:attachment":[{"href":"https:\/\/gdsa30.fr\/index.php\/wp-json\/wp\/v2\/media?parent=10094"}],"curies":[{"name":"wp","href":"https:\/\/api.w.org\/{rel}","templated":true}]}}

La Loi de Santé Animale (LSA) évolue

<p><strong>Message de la&nbsp;<a href="https://www.fnosad.com/" target="_blank" rel="noreferrer noopener">FNOSAD</a>&nbsp;aux TSA au sujet de la Loi de Santé Animale (= la LSA)</strong></p>



<p>Date : 05 mars 2021</p>



<p>Bonjour,</p>



<p><strong>Une nouvelle loi</strong>&nbsp;va bientôt être appliquée dans tous les pays de l’UE (à partir du 21 avril prochain).</p>



<p>Il s’agit d’un Règlement européen (<a href="https://eur-lex.europa.eu/legal-content/FR/TXT/?uri=celex%3A32016R0429" target="_blank" rel="noreferrer noopener"><u>Règlement (UE) 2016/429 relatif aux maladies animales transmissibles</u></a>) dont l’objet &nbsp;« vise à prévenir et à lutter contre les maladies animales pouvant être transmises à d’autres animaux ou aux êtres humains ».</p>



<p>A noter que « La législation sur la santé animale fait partie d’un train de mesures proposé par la Commission européenne en mai 2013 visant à un meilleur respect des normes de santé et de sécurité applicables à l’ensemble de la filière agroalimentaire. »</p>



<p>Entre autres mesures, la Loi de Santé de Animale (ou la LSA)&nbsp;fixe une nouvelle classification des maladies, en catégories A-B-C-D-E, en fonction de leur gestion. Les maladies ne seront plus classées en dangers sanitaires de catégorie 1, 2 ou 3.</p>



<p>Catégorie A&nbsp;: maladie normalement absente de l’UE : éradication immédiate</p>



<p>Catégorie B&nbsp;: maladie devant être contrôlée par l’État Membre (EM) : éradication obligatoire</p>



<p>Catégorie C&nbsp;: maladie soumise à contrôle volontaire de l’EM : éradication volontaire</p>



<p>Catégorie D&nbsp;: maladie pour laquelle des restrictions aux mouvements s’appliquent entre EM</p>



<p>Catégorie E&nbsp;: maladie soumise à surveillance</p>



<p>Avec des combinaisons possibles : A+D+E, B+D+E, C+D+E, D+E, E</p>



<p><strong>Quelle catégorisation pour les maladies apiaires ?</strong></p>



<p>C + D + E&nbsp;: &nbsp;</p>



<p>Varroose de l’abeille (actuellement DS2)</p>



<p>D + E&nbsp;:</p>



<p>Infestation par&nbsp;<em>Aethina tumida</em>&nbsp;(actuellement DS1)</p>



<p>Loque américaine (actuellement DS1)</p>



<p>Infestation due à&nbsp;<em>Tropilaelaps spp</em>. (actuellement DS1)</p>



<p>Non catégorisés par la LSA&nbsp;:</p>



<p>Frelon asiatique&nbsp;<em>Vespa velutina nigrithorax</em>(actuellement DS2)</p>



<p>Nosemose à&nbsp;<em>Nosema apis</em>&nbsp;(actuellement DS1)</p>



<p><strong>Quelles dispositions sont prévues par la France ?</strong></p>



<p><strong>Quelles conséquences pour la filière apicole ?</strong></p>



<p>Chaque État membre doit&nbsp;<em>a minima</em>&nbsp;appliquer les dispositions prévues dans cette loi, mais peut aussi prévoir des mesures plus exigeantes, c’est-à-dire « être mieux disant » (mais jamais « moins disant »).</p>



<p>La&nbsp;<a href="https://www.fnosad.com/" target="_blank" rel="noreferrer noopener">FNOSAD</a>&nbsp;a participé aux différentes réunions de concertation sur ce sujet. Elle a exprimé son point de vue ; il était parfois différent des autres organisations apicoles, notamment pour la gestion de la loque américaine, qu’elle souhaitait voir garder le même niveau de règlementation qu’actuellement.</p>



<p>La consultation organisée par la DGAL a pris fin début décembre dernier.</p>



<p>La DGAL n’a pas communiqué de manière officielle ou directe avec la FNOSAD, mais nous avons appris que la position de la France était la suivante :&nbsp;</p>



<p>« – La responsabilité des apiculteurs&nbsp;en matière de prévention&nbsp;est renforcée, dans l’objectif d’éviter l’introduction de dangers sanitaires dans leurs ruchers, en particulier les parasites exotiques&nbsp;<a href="https://fr.wikipedia.org/wiki/Aethina_tumida" target="_blank" rel="noreferrer noopener"><em>Aethina tumida</em></a>&nbsp;et&nbsp;<a href="https://fr.wikipedia.org/wiki/Tropilaelaps_clareae" target="_blank" rel="noreferrer noopener"><em>Tropilaelaps spp</em>.</a>, ainsi que la&nbsp;<a href="https://fr.wikipedia.org/wiki/Paenibacillus_larvae" target="_blank" rel="noreferrer noopener">loque américaine</a>. La formation sanitaire des apiculteurs devra être renforcée. Une visite sanitaire apicole réalisée par un vétérinaire pourra être rendue obligatoire. Les certificats sanitaires aux mouvements entre États membres seront maintenus.</p>



<p>–&nbsp;En matière de surveillance&nbsp;: les apiculteurs seront tenus de déclarer à l’autorité compétente (Directions départementales en charge de la protection des populations), comme aujourd’hui, toutes les suspicions et tous les foyers de maladies réglementées (concernera avec la LSA :&nbsp;<em>Aethina tumida</em>,&nbsp;<em>Tropilaelaps spp</em>., la loque américaine et Varroa – dans les territoires indemnes pour Varroa), mais également les événements de santé significatifs (par exemple des mortalités massives).&nbsp;</p>



<p>–&nbsp;En matière de lutte&nbsp;: l’administration n’imposera plus de mesures de police sanitaire en cas de suspicion ou de confirmation de foyers de loque américaine (<em>Paenibacillus larvae</em>) ou de nosémose à&nbsp;<a href="https://fr.wikipedia.org/wiki/Nosema_apis" target="_blank" rel="noreferrer noopener"><em>Nosema apis</em></a>. Pour ces maladies, la filière apicole pourra s’organiser pour mettre en place un plan collectif volontaire de lutte, qui pourra être reconnu par l’État pour être rendu obligatoire, sans pour autant que l’État ait la responsabilité de son contrôle.&nbsp;</p>



<p>L’État conservera ses responsabilités (application de mesures de police sanitaire) dans le cas de la lutte contre&nbsp;<em>Aethina tumida</em>&nbsp;et&nbsp;<em>Tropilaelaps spp</em>. en cas de découvertes de premiers foyers, afin d’offrir une chance à une éradication rapide. »</p>



<p>Nous vous informerons dès que nous en aurons connaissance des modalités exactes de mise en œuvre de ces nouvelles dispositions législatives.</p>



<p>Nous vous laissons apprécier par vous-mêmes les conséquences qu’elles auront au niveau des DDPP, des différents acteurs sanitaires et de la gestion globale de la santé des abeilles.</p>



<p>Un article détaillant certains points de cette LSA ainsi-que les arguments défendus par la FNOSAD sera publié dans le prochain N° de La Santé de l’Abeille.</p>



<p>Bien cordialement</p>



<p>L’équipe de la&nbsp;<a href="https://www.fnosad.com/" target="_blank" rel="noreferrer noopener">FNOSAD</a></p>

<p>Message de la&nbsp;FNOSAD&nbsp;aux TSA au sujet de la Loi de Santé Animale (= la LSA) Date : 05 mars 2021 Bonjour, Une nouvelle loi&nbsp;va bientôt être appliquée dans tous les pays de l’UE (à partir du 21 avril prochain). Il s’agit d’un Règlement européen (Règlement (UE) 2016/429 relatif aux maladies animales transmissibles) dont l’objet &nbsp;« vise à prévenir et à lutter contre les maladies animales pouvant être transmises à d’autres animaux ou aux êtres humains ». A noter que «&#8230;</p>
<p class="read-more"><a class="btn btn-default" href="https://gdsa30.fr/index.php/la-loi-de-sante-animale-lsa-evolue/">Lire la suite<span class="screen-reader-text"> Lire la suite</span></a></p>
