{"id":10397,"date":"2023-05-10T15:57:58","date_gmt":"2023-05-10T13:57:58","guid":{"rendered":"http:\/\/gdsa30.fr\/?page_id=10397"},"modified":"2026-03-10T13:00:16","modified_gmt":"2026-03-10T12:00:16","slug":"omaa-en-occitanie","status":"publish","type":"page","link":"https:\/\/gdsa30.fr\/index.php\/omaa-en-occitanie\/","title":{"rendered":"OMAA en Occitanie"},"content":{"rendered":"\n<p class=\"has-text-align-center has-white-color has-text-color\">\nSant\u00e9 des abeilles en Occitanie\n<\/p>\n\n\n\n<p>\nLe dispositif <strong>OMAA (Observatoire des Mortalit\u00e9s et des Affaiblissements de l\u2019Abeille mellif\u00e8re)<\/strong>\npublie r\u00e9guli\u00e8rement des bulletins sanitaires afin d\u2019informer les apiculteurs sur l\u2019\u00e9tat de sant\u00e9\ndes colonies et les observations r\u00e9alis\u00e9es dans les ruchers de la r\u00e9gion Occitanie.\n<\/p>\n\n\n\n<h2 class=\"wp-block-heading has-text-align-center\">Bulletin janvier 2026<\/h2>\n\n\n\n<h3 class=\"wp-block-heading\">Consulter le bulletin complet<\/h3>\n\n\n\n<div class=\"wp-block-file\"><a href=\"http:\/\/gdsa30.fr\/wp-content\/uploads\/2026\/03\/omaa_bulletinJanvier2026.pdf\">\nT\u00e9l\u00e9charger le bulletin OMAA \u2013 Janvier 2026 (PDF)\n<\/a><a href=\"http:\/\/gdsa30.fr\/wp-content\/uploads\/2026\/03\/omaa_bulletinJanvier2026.pdf\" class=\"wp-block-file__button wp-element-button\" download>T\u00e9l\u00e9charger<\/a><\/div>\n\n\n\n<p>\nLe dispositif <strong>OMAA \u2013 Observatoire des Mortalit\u00e9s et des Affaiblissements de l\u2019Abeille mellif\u00e8re<\/strong>\npublie r\u00e9guli\u00e8rement des bulletins d\u2019information destin\u00e9s aux apiculteurs afin de partager les\nobservations sanitaires r\u00e9alis\u00e9es dans les ruchers et les r\u00e9sultats d\u2019investigations men\u00e9es sur le terrain.\n<\/p>\n\n\n\n<p>\nCe <strong>bulletin de janvier 2026<\/strong> pr\u00e9sente plusieurs \u00e9l\u00e9ments d\u2019actualit\u00e9 concernant la sant\u00e9 des colonies,\nles analyses r\u00e9alis\u00e9es dans le cadre du dispositif et les principales menaces identifi\u00e9es pour les abeilles.\nLe dispositif OMAA permet aux apiculteurs de signaler les mortalit\u00e9s ou affaiblissements observ\u00e9s dans leurs ruchers,\nafin de b\u00e9n\u00e9ficier d\u2019une analyse sanitaire et d\u2019am\u00e9liorer la surveillance collective de la fili\u00e8re apicole. \n<\/p>\n\n\n\n<h2 class=\"wp-block-heading\">Au sommaire de ce bulletin<\/h2>\n\n\n\n<ul class=\"wp-block-list\">\n<li>Retour sur les troubles sanitaires observ\u00e9s dans les ruchers en Occitanie.<\/li>\n\n\n\n<li>Analyse des d\u00e9clarations r\u00e9alis\u00e9es aupr\u00e8s du dispositif OMAA.<\/li>\n\n\n\n<li>Focus scientifique sur le <strong>virus des ailes d\u00e9form\u00e9es (DWV)<\/strong> et son variant DWV-B.<\/li>\n\n\n\n<li>Actualit\u00e9s sanitaires et nouveaux m\u00e9dicaments v\u00e9t\u00e9rinaires contre le varroa.<\/li>\n\n\n\n<li>Informations utiles pour les apiculteurs et rappel du dispositif de d\u00e9claration.<\/li>\n<\/ul>\n\n\n\n<h2 class=\"wp-block-heading\">Focus sanitaire : virus des ailes d\u00e9form\u00e9es (DWV)<\/h2>\n\n\n\n<p>\nLe bulletin met en avant l\u2019importance du <strong>virus des ailes d\u00e9form\u00e9es<\/strong>, une maladie virale tr\u00e8s\nfr\u00e9quemment associ\u00e9e \u00e0 l\u2019infestation par le varroa. Les analyses r\u00e9alis\u00e9es sur des \u00e9chantillons\ncollect\u00e9s dans le cadre du dispositif OMAA montrent une pr\u00e9sence importante du variant\n<strong>DWV-B<\/strong>, aujourd\u2019hui largement r\u00e9pandu dans de nombreux pays et pouvant se transmettre\nplus facilement entre abeilles. \n<\/p>\n\n\n\n<p>\nCes observations rappellent l\u2019importance d\u2019un <strong>suivi rigoureux du niveau d\u2019infestation par Varroa destructor<\/strong>\net de la mise en place de strat\u00e9gies de lutte efficaces afin de limiter les cons\u00e9quences\nsanitaires pour les colonies.\n<\/p>\n\n\n\n<h2 class=\"wp-block-heading\">Le dispositif OMAA<\/h2>\n\n\n\n<p>\nL\u2019OMAA est un syst\u00e8me de surveillance sanitaire mis en place pour mieux comprendre les\ncauses des mortalit\u00e9s et affaiblissements des colonies d\u2019abeilles. Les apiculteurs peuvent\nd\u00e9clarer tout probl\u00e8me observ\u00e9 dans leurs ruchers (mortalit\u00e9, d\u00e9population, anomalies du couvain,\ncomportements inhabituels). \n<\/p>\n\n\n\n<ul class=\"wp-block-list\">\n<li>Prise en charge de la d\u00e9claration par un v\u00e9t\u00e9rinaire sp\u00e9cialis\u00e9.<\/li>\n\n\n\n<li>Possibilit\u00e9 d\u2019investigation sur le rucher.<\/li>\n\n\n\n<li>Analyses sanitaires si n\u00e9cessaire.<\/li>\n\n\n\n<li>Retour individualis\u00e9 \u00e0 l\u2019apiculteur.<\/li>\n<\/ul>\n\n\n\n<div class=\"wp-block-group has-light-gray-background-color has-background\"><div class=\"wp-block-group__inner-container is-layout-flow wp-block-group-is-layout-flow\">\n<h3 class=\"wp-block-heading\">D\u00e9clarer un probl\u00e8me sanitaire<\/h3>\n\n\n\n<p>\nSi vous observez un affaiblissement ou une mortalit\u00e9 inhabituelle dans votre rucher,\nvous pouvez contacter le guichet unique OMAA :\n<\/p>\n\n\n\n<p><\/p>\n\n\n\n<p>\nLes d\u00e9clarations contribuent \u00e0 am\u00e9liorer la connaissance des causes de mortalit\u00e9 des abeilles\net \u00e0 renforcer la surveillance sanitaire de la fili\u00e8re apicole.\n<\/p>\n<\/div><\/div>\n\n\n\n<h2 class=\"wp-block-heading\">Consulter le bulletin complet<\/h2>\n\n\n\n<div class=\"wp-block-file\">\n<a href=\"http:\/\/gdsa30.fr\/wp-content\/uploads\/2026\/03\/omaa_bulletinJanvier2026.pdf\">\nT\u00e9l\u00e9charger le bulletin OMAA \u2013 Janvier 2026 (PDF)\n<\/a><a href=\"http:\/\/gdsa30.fr\/wp-content\/uploads\/2026\/03\/omaa_bulletinJanvier2026.pdf\" class=\"wp-block-file__button wp-element-button\" download>T\u00e9l\u00e9charger<\/a><\/div>\n\n\n\n<hr class=\"wp-block-separator has-css-opacity\"\/>\n\n\n\n<p class=\"has-text-align-center\">\nPour toute question sanitaire, rapprochez-vous de votre <strong>Technicien Sanitaire Apicole (TSA)<\/strong>\nou de votre <strong>GDSA d\u00e9partemental<\/strong>.\n<\/p>\n\n\n\n<hr class=\"wp-block-separator has-css-opacity\"\/>\n\n\n\n<h2 class=\"wp-block-heading has-text-align-center\">Bulletin janvier 2025<\/h2>\n\n\n\n<h3 class=\"wp-block-heading\">Consulter le bulletin complet<\/h3>\n\n\n\n<div class=\"wp-block-file\">\n<a href=\"https:\/\/gdsa30.fr\/index.php\/bulletin-omaa-janvier-2025\/\">\nAcc\u00e9der au bulletin OMAA \u2013 Janvier 2025\n<\/a>\n<\/div>\n\n\n<p>\nLe <strong>bulletin de janvier 2025<\/strong> pr\u00e9sente plusieurs analyses issues des d\u00e9clarations effectu\u00e9es par les apiculteurs\net des investigations men\u00e9es par les v\u00e9t\u00e9rinaires et techniciens sanitaires apicoles dans le cadre du dispositif OMAA.\nCes informations permettent d\u2019am\u00e9liorer la compr\u00e9hension des causes de mortalit\u00e9 ou d\u2019affaiblissement des colonies.\n<\/p>\n\n\n\n\n<h2 class=\"wp-block-heading\">Principaux points abord\u00e9s dans ce bulletin<\/h2>\n\n\n\n<ul class=\"wp-block-list\">\n<li>Analyse des d\u00e9clarations de troubles sanitaires enregistr\u00e9es par le dispositif OMAA.<\/li>\n<li>Observations r\u00e9alis\u00e9es lors des investigations dans les ruchers.<\/li>\n<li>Facteurs pouvant provoquer l\u2019affaiblissement des colonies.<\/li>\n<li>Importance de la surveillance du <strong>varroa<\/strong> et des virus associ\u00e9s.<\/li>\n<li>Informations et recommandations pour les apiculteurs.<\/li>\n<\/ul>\n\n\n\n\n<h2 class=\"wp-block-heading\">Pourquoi ces bulletins sont importants<\/h2>\n\n\n\n<p>\nLes bulletins OMAA permettent de partager des retours d\u2019exp\u00e9rience issus du terrain\net de diffuser les connaissances scientifiques et sanitaires utiles aux apiculteurs.\nIls contribuent \u00e0 mieux identifier les causes des pertes de colonies et \u00e0 am\u00e9liorer\nles pratiques de pr\u00e9vention dans les ruchers.\n<\/p>\n\n\n\n<p>\nLes donn\u00e9es pr\u00e9sent\u00e9es proviennent notamment :\n<\/p>\n\n\n<ul class=\"wp-block-list\">\n<li>des d\u00e9clarations effectu\u00e9es par les apiculteurs,<\/li>\n<li>des investigations r\u00e9alis\u00e9es par les v\u00e9t\u00e9rinaires sp\u00e9cialis\u00e9s,<\/li>\n<li>des analyses r\u00e9alis\u00e9es en laboratoire.<\/li>\n<\/ul>\n\n\n\n\n<h2 class=\"wp-block-heading\">Le dispositif OMAA en pratique<\/h2>\n\n\n\n<p>\nL\u2019OMAA constitue un syst\u00e8me de surveillance sanitaire d\u00e9di\u00e9 \u00e0 l\u2019abeille mellif\u00e8re.\nLorsqu\u2019un apiculteur constate un probl\u00e8me inhabituel dans son rucher\n(mortalit\u00e9 importante, colonies faibles, anomalies du couvain),\nil peut effectuer une d\u00e9claration afin d\u2019obtenir un accompagnement sanitaire.\n<\/p>\n\n\n\n<ul class=\"wp-block-list\">\n<li>Analyse de la situation par un v\u00e9t\u00e9rinaire apicole.<\/li>\n<li>Possibilit\u00e9 d\u2019investigation sur le rucher.<\/li>\n<li>R\u00e9alisation d\u2019analyses si n\u00e9cessaire.<\/li>\n<li>Retour d\u2019information \u00e0 l\u2019apiculteur.<\/li>\n<\/ul>\n\n\n\n\n<div class=\"wp-block-group has-light-gray-background-color has-background\"><div class=\"wp-block-group__inner-container is-layout-flow wp-block-group-is-layout-flow\">\n\n\n<h3 class=\"wp-block-heading\">D\u00e9clarer un affaiblissement ou une mortalit\u00e9 de colonies<\/h3>\n\n\n\n<p>\nSi vous observez un probl\u00e8me sanitaire dans votre rucher,\nvous pouvez contacter le guichet unique OMAA Occitanie :\n<\/p>\n\n\n\n<p style=\"font-size:22px\"><strong>\u260e 05 31 60 91 91<\/strong><\/p>\n\n\n\n<p>\nLes d\u00e9clarations contribuent \u00e0 am\u00e9liorer la surveillance sanitaire des abeilles\net \u00e0 mieux comprendre les causes de mortalit\u00e9 des colonies.\n<\/p>\n\n\n<\/div><\/div>\n\n\n\n\n<h2 class=\"wp-block-heading\">Consulter le bulletin complet<\/h2>\n\n\n\n<div class=\"wp-block-file\">\n<a href=\"https:\/\/gdsa30.fr\/index.php\/bulletin-omaa-janvier-2025\/\">\nAcc\u00e9der au bulletin OMAA \u2013 Janvier 2025\n<\/a>\n<\/div>\n\n\n\n\n<hr class=\"wp-block-separator\"\/>\n\n\n\n<p class=\"has-text-align-center\">\nCes bulletins sanitaires contribuent \u00e0 renforcer la connaissance collective\nsur la sant\u00e9 des abeilles et \u00e0 soutenir les apiculteurs dans la gestion de leurs ruchers.\n<\/p>\n\n\n\n\n\n\n\n\n<hr class=\"wp-block-separator has-css-opacity\"\/>\n\n\n\n<h2 class=\"wp-block-heading\">D\u00e9ploiement de l&rsquo;OMAA en 2023<\/h2>\n\n\n\n<p>Lien de t\u00e9l\u00e9chargement: <a href=\"http:\/\/gdsa30.fr\/wp-content\/uploads\/2023\/05\/23-05-16-OMAA-en-Occitanie.pdf\">OMAA-en-Occitanie.pdf<\/a><\/p>\n\n\n\n<p>\nDepuis mai 2023, le dispositif <strong>OMAA \u2013 Observatoire des Mortalit\u00e9s et des Affaiblissements de l\u2019Abeille mellif\u00e8re<\/strong> est d\u00e9ploy\u00e9 en r\u00e9gion Occitanie.  \nIl permet aux apiculteurs de signaler tout probl\u00e8me sanitaire observ\u00e9 dans leurs ruchers (mortalit\u00e9, d\u00e9population, affaiblissement des colonies) afin de b\u00e9n\u00e9ficier d\u2019un accompagnement et d\u2019am\u00e9liorer la surveillance sanitaire du cheptel apicole.\n<\/p>\n\n\n\n<h2 class=\"wp-block-heading\">Objectifs du dispositif OMAA<\/h2>\n\n\n\n<ul class=\"wp-block-list\">\n<li>Apporter une r\u00e9ponse rapide aux apiculteurs confront\u00e9s \u00e0 un probl\u00e8me sanitaire.<\/li>\n\n\n\n<li>Recenser les \u00e9v\u00e9nements de sant\u00e9 observ\u00e9s dans les ruchers.<\/li>\n\n\n\n<li>Identifier les causes possibles des affaiblissements ou mortalit\u00e9s.<\/li>\n\n\n\n<li>Renforcer la surveillance sanitaire de l\u2019abeille \u00e0 l\u2019\u00e9chelle r\u00e9gionale et nationale.<\/li>\n\n\n\n<li>Am\u00e9liorer la compr\u00e9hension collective des facteurs impactant la sant\u00e9 des colonies.<\/li>\n<\/ul>\n\n\n\n<p>\nLes donn\u00e9es collect\u00e9es permettent d\u2019analyser l\u2019\u00e9volution de la sant\u00e9 des colonies et d\u2019\u00e9mettre des alertes lorsque des ph\u00e9nom\u00e8nes inhabituels sont d\u00e9tect\u00e9s. \n<\/p>\n\n\n\n<h2 class=\"wp-block-heading\">Comment fonctionne l\u2019OMAA ?<\/h2>\n\n\n\n<ul class=\"wp-block-list\">\n<li>L\u2019apiculteur constate un probl\u00e8me sur son rucher.<\/li>\n\n\n\n<li>Il contacte le <strong>guichet unique r\u00e9gional<\/strong>.<\/li>\n\n\n\n<li>Un v\u00e9t\u00e9rinaire sp\u00e9cialis\u00e9 analyse la situation.<\/li>\n\n\n\n<li>Si n\u00e9cessaire, une investigation est organis\u00e9e sur le rucher.<\/li>\n\n\n\n<li>Des pr\u00e9l\u00e8vements et analyses peuvent \u00eatre r\u00e9alis\u00e9s.<\/li>\n<\/ul>\n\n\n\n<p>\nLes investigations peuvent \u00eatre men\u00e9es par un v\u00e9t\u00e9rinaire et un technicien sanitaire apicole (TSA). Un compte rendu est ensuite transmis \u00e0 l\u2019apiculteur afin de l\u2019aider \u00e0 comprendre l\u2019origine du probl\u00e8me et \u00e0 mettre en place les mesures adapt\u00e9es. \n<\/p>\n\n\n\n<div class=\"wp-block-group has-light-gray-background-color has-background\"><div class=\"wp-block-group__inner-container is-layout-constrained wp-block-group-is-layout-constrained\">\n<h3 class=\"wp-block-heading\">Num\u00e9ro de d\u00e9claration OMAA Occitanie<\/h3>\n\n\n\n<p><p style=\"font-size:22px\"><strong>\u260e 05 31 60 91 91<\/strong><\/p><\/p>\n\n\n\n<p>\nCe num\u00e9ro permet de signaler tout trouble sanitaire observ\u00e9 dans un rucher : mortalit\u00e9, d\u00e9population, comportement anormal, anomalies du couvain, etc.\n<\/p>\n<\/div><\/div>\n\n\n\n<h2 class=\"wp-block-heading\">Document de pr\u00e9sentation<\/h2>\n\n\n\n<p>\nLe document ci-dessous pr\u00e9sente en d\u00e9tail le fonctionnement du dispositif OMAA en Occitanie, les acteurs impliqu\u00e9s et les modalit\u00e9s de d\u00e9claration.\n<\/p>\n\n\n\n<div data-wp-interactive=\"core\/file\" class=\"wp-block-file\"><object data-wp-bind--hidden=\"!state.hasPdfPreview\" hidden class=\"wp-block-file__embed\" data=\"https:\/\/gdsa30.fr\/wp-content\/uploads\/2023\/05\/23-05-16-OMAA-en-Occitanie.pdf\" type=\"application\/pdf\" style=\"width:100%;height:600px\" aria-label=\"Contenu embarqu\u00e9 \nT\u00e9l\u00e9charger le document OMAA en Occitanie (PDF)\n.\"><\/object><a href=\"https:\/\/gdsa30.fr\/wp-content\/uploads\/2023\/05\/23-05-16-OMAA-en-Occitanie.pdf\">\nT\u00e9l\u00e9charger le document OMAA en Occitanie (PDF)\n<\/a><a href=\"https:\/\/gdsa30.fr\/wp-content\/uploads\/2023\/05\/23-05-16-OMAA-en-Occitanie.pdf\" class=\"wp-block-file__button wp-element-button\" download>T\u00e9l\u00e9charger<\/a><\/div>\n\n\n\n<h2 class=\"wp-block-heading\">Pourquoi d\u00e9clarer un probl\u00e8me sanitaire ?<\/h2>\n\n\n\n<ul class=\"wp-block-list\">\n<li>Comprendre l\u2019origine d\u2019une mortalit\u00e9 ou d\u2019un affaiblissement.<\/li>\n\n\n\n<li>B\u00e9n\u00e9ficier d\u2019un accompagnement technique.<\/li>\n\n\n\n<li>Contribuer \u00e0 la surveillance sanitaire nationale.<\/li>\n\n\n\n<li>Am\u00e9liorer la pr\u00e9vention des risques pour la fili\u00e8re apicole.<\/li>\n<\/ul>\n\n\n\n<hr class=\"wp-block-separator has-css-opacity\"\/>\n\n\n\n<p class=\"has-text-align-center\"><p class=\"has-text-align-center\">\nPour toute question, rapprochez-vous de votre <strong>GDSA d\u00e9partemental<\/strong> ou de votre <strong>Technicien Sanitaire Apicole<\/strong>.\n<\/p> \n<!-- xx --><\/p>\n\n\n<p><\/p>","protected":false},"excerpt":{"rendered":"<p>Sant\u00e9 des abeilles en Occitanie Le dispositif OMAA (Observatoire des Mortalit\u00e9s et des Affaiblissements de l\u2019Abeille mellif\u00e8re) publie r\u00e9guli\u00e8rement des bulletins sanitaires afin d\u2019informer les apiculteurs sur l\u2019\u00e9tat de sant\u00e9 des colonies et les observations r\u00e9alis\u00e9es dans les ruchers de la r\u00e9gion Occitanie. Bulletin janvier 2026 Consulter le bulletin complet Le dispositif OMAA \u2013 Observatoire des Mortalit\u00e9s et des Affaiblissements de l\u2019Abeille mellif\u00e8re publie r\u00e9guli\u00e8rement des bulletins d\u2019information destin\u00e9s aux apiculteurs afin de partager les observations sanitaires r\u00e9alis\u00e9es dans les&#8230;<\/p>\n<p class=\"read-more\"><a class=\"btn btn-default\" href=\"https:\/\/gdsa30.fr\/index.php\/omaa-en-occitanie\/\">Lire la suite<span class=\"screen-reader-text\"> Lire la suite<\/span><\/a><\/p>\n","protected":false},"author":3,"featured_media":0,"parent":0,"menu_order":0,"comment_status":"closed","ping_status":"closed","template":"","meta":{"footnotes":""},"class_list":["post-10397","page","type-page","status-publish","hentry"],"_links":{"self":[{"href":"https:\/\/gdsa30.fr\/index.php\/wp-json\/wp\/v2\/pages\/10397","targetHints":{"allow":["GET"]}}],"collection":[{"href":"https:\/\/gdsa30.fr\/index.php\/wp-json\/wp\/v2\/pages"}],"about":[{"href":"https:\/\/gdsa30.fr\/index.php\/wp-json\/wp\/v2\/types\/page"}],"author":[{"embeddable":true,"href":"https:\/\/gdsa30.fr\/index.php\/wp-json\/wp\/v2\/users\/3"}],"replies":[{"embeddable":true,"href":"https:\/\/gdsa30.fr\/index.php\/wp-json\/wp\/v2\/comments?post=10397"}],"version-history":[{"count":44,"href":"https:\/\/gdsa30.fr\/index.php\/wp-json\/wp\/v2\/pages\/10397\/revisions"}],"predecessor-version":[{"id":11176,"href":"https:\/\/gdsa30.fr\/index.php\/wp-json\/wp\/v2\/pages\/10397\/revisions\/11176"}],"wp:attachment":[{"href":"https:\/\/gdsa30.fr\/index.php\/wp-json\/wp\/v2\/media?parent=10397"}],"curies":[{"name":"wp","href":"https:\/\/api.w.org\/{rel}","templated":true}]}}