{"id":10629,"date":"2025-06-20T14:00:19","date_gmt":"2025-06-20T12:00:19","guid":{"rendered":"https:\/\/gdsa30.fr\/?page_id=10629"},"modified":"2025-12-09T17:41:24","modified_gmt":"2025-12-09T16:41:24","slug":"https-gdsa30-fr-lettre-info-1-2025","status":"publish","type":"page","link":"https:\/\/gdsa30.fr\/index.php\/https-gdsa30-fr-lettre-info-1-2025\/","title":{"rendered":"Lettre d\u2019infos janvier 2025"},"content":{"rendered":"\n<p><a href=\"http:\/\/gdsa30.fr\/wp-content\/uploads\/2025\/01\/25-01-Lettre-dInfos-1-2025-GDSA-30.pdf\">T\u00e9l\u00e9charger la lettre d&rsquo;infos<\/a><\/p>\n\n\n\n<h2 class=\"wp-block-heading has-text-align-center\">Voeux 2025<\/h2>\n\n\n\n<p>Le GDSA du Gard vous pr\u00e9sente ses meilleurs v\u0153ux pour 2025 !<\/p>\n\n\n\n<p>En cette nouvelle ann\u00e9e, nous souhaitons mettre en avant l&rsquo;importance de la sant\u00e9 de nos abeilles et l&rsquo;atout qu&rsquo;elles repr\u00e9sentent pour la biodiversit\u00e9. La lutte contre le varroa, ainsi que la lutte contre le frelon asiatique qui menace nos colonies, sont des enjeux cruciaux pour les apiculteurs.<\/p>\n\n\n\n<p>Nous esp\u00e9rons que 2025 sera une ann\u00e9e riche en initiatives et en collaborations pour prot\u00e9ger nos abeilles et soutenir la biodiversit\u00e9. Ensemble, continuons \u00e0 \u0153uvrer pour un avenir meilleur pour nos pollinisateurs. Que cette ann\u00e9e soit synonyme de succ\u00e8s et de prosp\u00e9rit\u00e9 pour tous les acteurs de l&rsquo;apiculture !<\/p>\n\n\n\n<h2 class=\"wp-block-heading has-text-align-center\">Adh\u00e9sion 2025<\/h2>\n\n\n\n<p>Vous avez d\u00fb recevoir dans votre boite mail, le bulletin d&rsquo;adh\u00e9sion 2025. (si ce n&rsquo;est pas le cas, v\u00e9rifiez vos spams ou courriers ind\u00e9sirables&#8230;)<\/p>\n\n\n\n<p>Adh\u00e9rer au GDSA 30 c\u2019est s\u2019engager \u00e0 une pratique sanitaire apicole saine.<\/p>\n\n\n\n<p>Vous pouvez adh\u00e9rer en vous rendant sur le site du GDSA30 :<\/p>\n\n\n\n<p><a href=\"https:\/\/gdsa30.fr\/index.php\/adhesion\/\">Adh\u00e9sion 2025<\/a><\/p>\n\n\n\n<h2 class=\"wp-block-heading has-text-align-center\">Assembl\u00e9e G\u00e9n\u00e9rale de section 2025<\/h2>\n\n\n\n<p>Nous vous invitons et vous attendons nombreux, \u00e0 l\u2019Assembl\u00e9e de section 2025, qui se d\u00e9roulera le samedi 8 Mars 2025 de 9h00 \u00e0 12h00. (accueil \u00e0 partir de 8h30) \u00e0 l&rsquo; Auditorium du P\u00f4le Scientifique et Culturel de Rochebelle(ALES), 155 Faubourg de Rochebelle<\/p>\n\n\n\n<p>Repas : \u00e0 la \u00ab Restauration solidaire \u00bb dans la m\u00eame rue, \u00e0 12h30 (sur inscription, menu \u00e0 18\u20ac)<\/p>\n\n\n\n<p>A partir de 15h00, Conf\u00e9rence sur l\u2019organisation du pi\u00e9geage de printemps du frelon asiatique. A cette occasion, une distribution de pi\u00e8ges s\u00e9lectifs BeeVital sera organis\u00e9e.<\/p>\n\n\n\n<p>Informations compl\u00e9mentaires :<\/p>\n\n\n\n<p><a href=\"https:\/\/gdsa30.fr\/index.php\/rejoindre-le-reseau-piegeur-fa\/\">Rejoindre le r\u00e9seau pi\u00e8geur FA du GDSA30<\/a><\/p>\n\n\n\n<p><\/p>\n\n\n<div class=\"wp-block-image\">\n<figure class=\"aligncenter size-full\"><img loading=\"lazy\" decoding=\"async\" width=\"374\" height=\"135\" src=\"https:\/\/gdsa30.fr\/wp-content\/uploads\/2025\/06\/frgds.jpg\" alt=\"\" class=\"wp-image-10635\" srcset=\"https:\/\/gdsa30.fr\/wp-content\/uploads\/2025\/06\/frgds.jpg 374w, https:\/\/gdsa30.fr\/wp-content\/uploads\/2025\/06\/frgds-300x108.jpg 300w\" sizes=\"auto, (max-width: 374px) 100vw, 374px\" \/><\/figure>\n<\/div>\n\n\n<h2 class=\"wp-block-heading has-text-align-center\">Aethina tumida \u00e0 la R\u00e9union et en Italie, Janvier 2025<\/h2>\n\n\n\n<p>Le point sur la situation sur l&rsquo;ile de la R\u00e9union (communication GDS de la R\u00e9union)<br>ITALIE (extrait du Bulletin Hebdomadaire de Veille Sanitaire International)<\/p>\n\n\n\n<p><a href=\"https:\/\/gdsa30.fr\/index.php\/aethina-tumida-sur-lile-de-la-reunion-et-en-italie-point-au-16-01-2025\/\">Bulletin d&rsquo;information<\/a><\/p>\n\n\n\n<h2 class=\"wp-block-heading has-text-align-center\">Un frelon peut en cacher un autre\u2026<\/h2>\n\n\n\n<p>Le frelon europ\u00e9en est install\u00e9 en Europe depuis longtemps et exerceune faible pr\u00e9dation sur les colonies d\u2019abeilles.<br>Le frelon asiatique \u00e0 pattes jaunes est arriv\u00e9 en France en 2004 et est \u00e0 l\u2019origine d\u2019importantes<br>mortalit\u00e9s de colonies d\u2019abeilles. Une inqui\u00e9tude se porte d\u00e9sormais sur 3 nouvelles esp\u00e8ces de frelons: Vespa orientalis, observ\u00e9 r\u00e9cemment dans le sud-est de la France,Vespa soror et Vespa bicolor introduits r\u00e9cemment en Espagne.<br><a href=\"http:\/\/gdsa30.fr\/wp-content\/uploads\/2025\/01\/25-01-FRGDS-Occ-Fiche-frelons-1.pdf\">Savoir reconna\u00eetre les diff\u00e9rents frelons :<\/a><\/p>\n\n\n\n<p>Cette enqu\u00eate a \u00e9t\u00e9 construite en partenariat avec l\u2019ITSAP et 4 autres ADA. Elle porte sp\u00e9cifiquement sur un \u00e9tat des lieux \u00e0 l\u2019\u00e9chelle de l\u2019exploitation, selon sa typologie et selon les niveaux de pression du frelon : (1) de la nature et l\u2019ampleur des pertes \u00e9conomiques directement attribuables au frelon, (2) des surco\u00fbts engendr\u00e9s par les adaptations mises en oeuvre pour limiter son impact sur les colonies.<\/p>\n\n\n<div class=\"wp-block-image\">\n<figure class=\"aligncenter size-full\"><img loading=\"lazy\" decoding=\"async\" width=\"233\" height=\"216\" src=\"https:\/\/gdsa30.fr\/wp-content\/uploads\/2025\/06\/ada.jpg\" alt=\"\" class=\"wp-image-10637\"\/><\/figure>\n<\/div>\n\n<div class=\"wp-block-image\">\n<figure class=\"aligncenter size-full\"><img loading=\"lazy\" decoding=\"async\" width=\"404\" height=\"402\" src=\"https:\/\/gdsa30.fr\/wp-content\/uploads\/2025\/06\/enq.jpg\" alt=\"\" class=\"wp-image-10638\" srcset=\"https:\/\/gdsa30.fr\/wp-content\/uploads\/2025\/06\/enq.jpg 404w, https:\/\/gdsa30.fr\/wp-content\/uploads\/2025\/06\/enq-300x300.jpg 300w, https:\/\/gdsa30.fr\/wp-content\/uploads\/2025\/06\/enq-150x150.jpg 150w, https:\/\/gdsa30.fr\/wp-content\/uploads\/2025\/06\/enq-271x270.jpg 271w\" sizes=\"auto, (max-width: 404px) 100vw, 404px\" \/><\/figure>\n<\/div>\n\n\n<p>Vous avez jusqu&rsquo;au 28 f\u00e9vrier pour r\u00e9pondre :<br><a href=\"https:\/\/itsap.limesurvey.net\/468369?lang=fr\">Je participe \u00e0 l&rsquo;enqu\u00eate<\/a><br>Vous avez des questions ?<br>Contact : Marta BORNATI, charg\u00e9e de mission sanitaire :<br><a href=\"mailto:marta.bornati@adaoccitanie.org\">marta.bornati@adaoccitanie.org<\/a><\/p>\n\n\n\n<figure class=\"wp-block-image size-full\"><img decoding=\"async\" src=\"https:\/\/gdsa30.fr\/wp-content\/uploads\/2025\/06\/itsap.jpg\" alt=\"\" class=\"wp-image-10640\"\/><\/figure>\n\n\n\n<h2 class=\"wp-block-heading has-text-align-center\">Guide technique &#8211; \u00c9tablir sa strat\u00e9gie de gestion de Varroa<\/h2>\n\n\n\n<p>Ce guide vise \u00e0 rappeler les fondements de la lutte contre Varroa.Il pourra servir de support pour faire \u00e9voluer, avec l\u2019appui de votre conseiller sanitaire et des r\u00e9f\u00e9rences indiqu\u00e9es, votre strat\u00e9gie de gestion de l\u2019infestation en varroas de votre cheptel.<\/p>\n\n\n\n<p><a href=\"http:\/\/gdsa30.fr\/wp-content\/uploads\/2025\/01\/ITSAP-guide-technique-varroa.pdf\">Guide technique Varroa<\/a><\/p>\n\n\n<div class=\"wp-block-image\">\n<figure class=\"aligncenter size-full\"><img loading=\"lazy\" decoding=\"async\" width=\"393\" height=\"258\" src=\"https:\/\/gdsa30.fr\/wp-content\/uploads\/2025\/06\/omaa.jpg\" alt=\"\" class=\"wp-image-10641\" srcset=\"https:\/\/gdsa30.fr\/wp-content\/uploads\/2025\/06\/omaa.jpg 393w, https:\/\/gdsa30.fr\/wp-content\/uploads\/2025\/06\/omaa-300x197.jpg 300w\" sizes=\"auto, (max-width: 393px) 100vw, 393px\" \/><\/figure>\n<\/div>\n\n\n<h2 class=\"wp-block-heading\">Bulletin trimestriel JANVIER 2025 &#8211; OMAA Occitanie<\/h2>\n\n\n\n<p>Nous vous rappelons le num\u00e9ro unique de l\u2019OMAA afin de d\u00e9clarer tout affaiblissement, d\u00e9population, maladie du couvain ou mortalit\u00e9 :<br>05 31 60 91 91<br>Vos d\u00e9clarations sont importantes pour avoir des donn\u00e9es \u00e9pid\u00e9miologiques et comprendre mieux les probl\u00e8mes de sant\u00e9rencontr\u00e9s<br><a href=\"http:\/\/gdsa30.fr\/wp-content\/uploads\/2025\/01\/25-01-OMAA-bulletin-janvier.pdf\">Bulletin OMAA &#8211; janvier 2025<\/a><\/p>\n\n\n<div class=\"wp-block-image\">\n<figure class=\"aligncenter size-full\"><img loading=\"lazy\" decoding=\"async\" width=\"283\" height=\"123\" src=\"https:\/\/gdsa30.fr\/wp-content\/uploads\/2025\/06\/enma.jpg\" alt=\"\" class=\"wp-image-10642\"\/><\/figure>\n<\/div>\n\n\n<h2 class=\"wp-block-heading has-text-align-center\">Nouveaut\u00e9s pour l\u2019enqu\u00eate nationale de mortalit\u00e9 des colonies d\u2019abeilles<\/h2>\n\n\n\n<h2 class=\"wp-block-heading has-text-align-center\">Hiver 2024-2025<\/h2>\n\n\n\n<p>Un grand merci \u00e0 tous les apiculteurs qui ont contribu\u00e9 aux \u00e9ditions pr\u00e9c\u00e9dentes et nous ont fait part de leurs commentaires et suggestions.<br>Prochaine enqu\u00eate en mars 2025<\/p>\n\n\n\n<p><a href=\"https:\/\/www.plateforme-esa.fr\/sites\/default\/files\/2024-12\/plaquette%20nouveaut%C3%A9_VF.pdf\">D\u00e9couvrez les nouveaut\u00e9s de l&rsquo;enqu\u00eate 2024-2025<\/a><\/p>\n\n\n<div class=\"wp-block-image\">\n<figure class=\"aligncenter size-full\"><img loading=\"lazy\" decoding=\"async\" width=\"201\" height=\"115\" src=\"https:\/\/gdsa30.fr\/wp-content\/uploads\/2025\/06\/minis.jpg\" alt=\"\" class=\"wp-image-10643\"\/><\/figure>\n<\/div>\n\n\n<p><a href=\"http:\/\/gdsa30.fr\/wp-content\/uploads\/2025\/01\/25-01-Lettre-dInfos-1-2025-GDSA-30.pdf\">T\u00e9l\u00e9charger la lettre d&rsquo;infos<\/a><\/p>\n\n\n\n<p><\/p>\n","protected":false},"excerpt":{"rendered":"<p>T\u00e9l\u00e9charger la lettre d&rsquo;infos Voeux 2025 Le GDSA du Gard vous pr\u00e9sente ses meilleurs v\u0153ux pour 2025 ! En cette nouvelle ann\u00e9e, nous souhaitons mettre en avant l&rsquo;importance de la sant\u00e9 de nos abeilles et l&rsquo;atout qu&rsquo;elles repr\u00e9sentent pour la biodiversit\u00e9. La lutte contre le varroa, ainsi que la lutte contre le frelon asiatique qui menace nos colonies, sont des enjeux cruciaux pour les apiculteurs. Nous esp\u00e9rons que 2025 sera une ann\u00e9e riche en initiatives et en collaborations pour prot\u00e9ger&#8230;<\/p>\n<p class=\"read-more\"><a class=\"btn btn-default\" href=\"https:\/\/gdsa30.fr\/index.php\/https-gdsa30-fr-lettre-info-1-2025\/\">Lire la suite<span class=\"screen-reader-text\"> Lire la suite<\/span><\/a><\/p>\n","protected":false},"author":2,"featured_media":0,"parent":0,"menu_order":0,"comment_status":"closed","ping_status":"closed","template":"","meta":{"footnotes":""},"class_list":["post-10629","page","type-page","status-publish","hentry"],"_links":{"self":[{"href":"https:\/\/gdsa30.fr\/index.php\/wp-json\/wp\/v2\/pages\/10629","targetHints":{"allow":["GET"]}}],"collection":[{"href":"https:\/\/gdsa30.fr\/index.php\/wp-json\/wp\/v2\/pages"}],"about":[{"href":"https:\/\/gdsa30.fr\/index.php\/wp-json\/wp\/v2\/types\/page"}],"author":[{"embeddable":true,"href":"https:\/\/gdsa30.fr\/index.php\/wp-json\/wp\/v2\/users\/2"}],"replies":[{"embeddable":true,"href":"https:\/\/gdsa30.fr\/index.php\/wp-json\/wp\/v2\/comments?post=10629"}],"version-history":[{"count":12,"href":"https:\/\/gdsa30.fr\/index.php\/wp-json\/wp\/v2\/pages\/10629\/revisions"}],"predecessor-version":[{"id":10683,"href":"https:\/\/gdsa30.fr\/index.php\/wp-json\/wp\/v2\/pages\/10629\/revisions\/10683"}],"wp:attachment":[{"href":"https:\/\/gdsa30.fr\/index.php\/wp-json\/wp\/v2\/media?parent=10629"}],"curies":[{"name":"wp","href":"https:\/\/api.w.org\/{rel}","templated":true}]}}

<p><a href="http://gdsa30.fr/wp-content/uploads/2025/01/25-01-Lettre-dInfos-1-2025-GDSA-30.pdf">Télécharger la lettre d&rsquo;infos</a></p>



<h2 class="wp-block-heading has-text-align-center">Voeux 2025</h2>



<p>Le GDSA du Gard vous présente ses meilleurs vœux pour 2025 !</p>



<p>En cette nouvelle année, nous souhaitons mettre en avant l&rsquo;importance de la santé de nos abeilles et l&rsquo;atout qu&rsquo;elles représentent pour la biodiversité. La lutte contre le varroa, ainsi que la lutte contre le frelon asiatique qui menace nos colonies, sont des enjeux cruciaux pour les apiculteurs.</p>



<p>Nous espérons que 2025 sera une année riche en initiatives et en collaborations pour protéger nos abeilles et soutenir la biodiversité. Ensemble, continuons à œuvrer pour un avenir meilleur pour nos pollinisateurs. Que cette année soit synonyme de succès et de prospérité pour tous les acteurs de l&rsquo;apiculture !</p>



<h2 class="wp-block-heading has-text-align-center">Adhésion 2025</h2>



<p>Vous avez dû recevoir dans votre boite mail, le bulletin d&rsquo;adhésion 2025. (si ce n&rsquo;est pas le cas, vérifiez vos spams ou courriers indésirables&#8230;)</p>



<p>Adhérer au GDSA 30 c’est s’engager à une pratique sanitaire apicole saine.</p>



<p>Vous pouvez adhérer en vous rendant sur le site du GDSA30 :</p>



<p><a href="https://gdsa30.fr/index.php/adhesion/">Adhésion 2025</a></p>



<h2 class="wp-block-heading has-text-align-center">Assemblée Générale de section 2025</h2>



<p>Nous vous invitons et vous attendons nombreux, à l’Assemblée de section 2025, qui se déroulera le samedi 8 Mars 2025 de 9h00 à 12h00. (accueil à partir de 8h30) à l&rsquo; Auditorium du Pôle Scientifique et Culturel de Rochebelle(ALES), 155 Faubourg de Rochebelle</p>



<p>Repas : à la « Restauration solidaire » dans la même rue, à 12h30 (sur inscription, menu à 18€)</p>



<p>A partir de 15h00, Conférence sur l’organisation du piégeage de printemps du frelon asiatique. A cette occasion, une distribution de pièges sélectifs BeeVital sera organisée.</p>



<p>Informations complémentaires :</p>



<p><a href="https://gdsa30.fr/index.php/rejoindre-le-reseau-piegeur-fa/">Rejoindre le réseau piègeur FA du GDSA30</a></p>



<p></p>


<div class="wp-block-image">
<figure class="aligncenter size-full"><img loading="lazy" decoding="async" width="374" height="135" src="https://gdsa30.fr/wp-content/uploads/2025/06/frgds.jpg" alt="" class="wp-image-10635" srcset="https://gdsa30.fr/wp-content/uploads/2025/06/frgds.jpg 374w, https://gdsa30.fr/wp-content/uploads/2025/06/frgds-300x108.jpg 300w" sizes="auto, (max-width: 374px) 100vw, 374px" /></figure>
</div>


<h2 class="wp-block-heading has-text-align-center">Aethina tumida à la Réunion et en Italie, Janvier 2025</h2>



<p>Le point sur la situation sur l&rsquo;ile de la Réunion (communication GDS de la Réunion)<br>ITALIE (extrait du Bulletin Hebdomadaire de Veille Sanitaire International)</p>



<p><a href="https://gdsa30.fr/index.php/aethina-tumida-sur-lile-de-la-reunion-et-en-italie-point-au-16-01-2025/">Bulletin d&rsquo;information</a></p>



<h2 class="wp-block-heading has-text-align-center">Un frelon peut en cacher un autre…</h2>



<p>Le frelon européen est installé en Europe depuis longtemps et exerceune faible prédation sur les colonies d’abeilles.<br>Le frelon asiatique à pattes jaunes est arrivé en France en 2004 et est à l’origine d’importantes<br>mortalités de colonies d’abeilles. Une inquiétude se porte désormais sur 3 nouvelles espèces de frelons: Vespa orientalis, observé récemment dans le sud-est de la France,Vespa soror et Vespa bicolor introduits récemment en Espagne.<br><a href="http://gdsa30.fr/wp-content/uploads/2025/01/25-01-FRGDS-Occ-Fiche-frelons-1.pdf">Savoir reconnaître les différents frelons :</a></p>



<p>Cette enquête a été construite en partenariat avec l’ITSAP et 4 autres ADA. Elle porte spécifiquement sur un état des lieux à l’échelle de l’exploitation, selon sa typologie et selon les niveaux de pression du frelon : (1) de la nature et l’ampleur des pertes économiques directement attribuables au frelon, (2) des surcoûts engendrés par les adaptations mises en oeuvre pour limiter son impact sur les colonies.</p>


<div class="wp-block-image">
<figure class="aligncenter size-full"><img loading="lazy" decoding="async" width="233" height="216" src="https://gdsa30.fr/wp-content/uploads/2025/06/ada.jpg" alt="" class="wp-image-10637"/></figure>
</div>

<div class="wp-block-image">
<figure class="aligncenter size-full"><img loading="lazy" decoding="async" width="404" height="402" src="https://gdsa30.fr/wp-content/uploads/2025/06/enq.jpg" alt="" class="wp-image-10638" srcset="https://gdsa30.fr/wp-content/uploads/2025/06/enq.jpg 404w, https://gdsa30.fr/wp-content/uploads/2025/06/enq-300x300.jpg 300w, https://gdsa30.fr/wp-content/uploads/2025/06/enq-150x150.jpg 150w, https://gdsa30.fr/wp-content/uploads/2025/06/enq-271x270.jpg 271w" sizes="auto, (max-width: 404px) 100vw, 404px" /></figure>
</div>


<p>Vous avez jusqu&rsquo;au 28 février pour répondre :<br><a href="https://itsap.limesurvey.net/468369?lang=fr">Je participe à l&rsquo;enquête</a><br>Vous avez des questions ?<br>Contact : Marta BORNATI, chargée de mission sanitaire :<br><a href="mailto:marta.bornati@adaoccitanie.org">marta.bornati@adaoccitanie.org</a></p>



<figure class="wp-block-image size-full"><img decoding="async" src="https://gdsa30.fr/wp-content/uploads/2025/06/itsap.jpg" alt="" class="wp-image-10640"/></figure>



<h2 class="wp-block-heading has-text-align-center">Guide technique &#8211; Établir sa stratégie de gestion de Varroa</h2>



<p>Ce guide vise à rappeler les fondements de la lutte contre Varroa.Il pourra servir de support pour faire évoluer, avec l’appui de votre conseiller sanitaire et des références indiquées, votre stratégie de gestion de l’infestation en varroas de votre cheptel.</p>



<p><a href="http://gdsa30.fr/wp-content/uploads/2025/01/ITSAP-guide-technique-varroa.pdf">Guide technique Varroa</a></p>


<div class="wp-block-image">
<figure class="aligncenter size-full"><img loading="lazy" decoding="async" width="393" height="258" src="https://gdsa30.fr/wp-content/uploads/2025/06/omaa.jpg" alt="" class="wp-image-10641" srcset="https://gdsa30.fr/wp-content/uploads/2025/06/omaa.jpg 393w, https://gdsa30.fr/wp-content/uploads/2025/06/omaa-300x197.jpg 300w" sizes="auto, (max-width: 393px) 100vw, 393px" /></figure>
</div>


<h2 class="wp-block-heading">Bulletin trimestriel JANVIER 2025 &#8211; OMAA Occitanie</h2>



<p>Nous vous rappelons le numéro unique de l’OMAA afin de déclarer tout affaiblissement, dépopulation, maladie du couvain ou mortalité :<br>05 31 60 91 91<br>Vos déclarations sont importantes pour avoir des données épidémiologiques et comprendre mieux les problèmes de santérencontrés<br><a href="http://gdsa30.fr/wp-content/uploads/2025/01/25-01-OMAA-bulletin-janvier.pdf">Bulletin OMAA &#8211; janvier 2025</a></p>


<div class="wp-block-image">
<figure class="aligncenter size-full"><img loading="lazy" decoding="async" width="283" height="123" src="https://gdsa30.fr/wp-content/uploads/2025/06/enma.jpg" alt="" class="wp-image-10642"/></figure>
</div>


<h2 class="wp-block-heading has-text-align-center">Nouveautés pour l’enquête nationale de mortalité des colonies d’abeilles</h2>



<h2 class="wp-block-heading has-text-align-center">Hiver 2024-2025</h2>



<p>Un grand merci à tous les apiculteurs qui ont contribué aux éditions précédentes et nous ont fait part de leurs commentaires et suggestions.<br>Prochaine enquête en mars 2025</p>



<p><a href="https://www.plateforme-esa.fr/sites/default/files/2024-12/plaquette%20nouveaut%C3%A9_VF.pdf">Découvrez les nouveautés de l&rsquo;enquête 2024-2025</a></p>


<div class="wp-block-image">
<figure class="aligncenter size-full"><img loading="lazy" decoding="async" width="201" height="115" src="https://gdsa30.fr/wp-content/uploads/2025/06/minis.jpg" alt="" class="wp-image-10643"/></figure>
</div>


<p><a href="http://gdsa30.fr/wp-content/uploads/2025/01/25-01-Lettre-dInfos-1-2025-GDSA-30.pdf">Télécharger la lettre d&rsquo;infos</a></p>



<p></p>

<p>Télécharger la lettre d&rsquo;infos Voeux 2025 Le GDSA du Gard vous présente ses meilleurs vœux pour 2025 ! En cette nouvelle année, nous souhaitons mettre en avant l&rsquo;importance de la santé de nos abeilles et l&rsquo;atout qu&rsquo;elles représentent pour la biodiversité. La lutte contre le varroa, ainsi que la lutte contre le frelon asiatique qui menace nos colonies, sont des enjeux cruciaux pour les apiculteurs. Nous espérons que 2025 sera une année riche en initiatives et en collaborations pour protéger&#8230;</p>
<p class="read-more"><a class="btn btn-default" href="https://gdsa30.fr/index.php/https-gdsa30-fr-lettre-info-1-2025/">Lire la suite<span class="screen-reader-text"> Lire la suite</span></a></p>
