{"id":11117,"date":"2026-03-06T21:48:05","date_gmt":"2026-03-06T20:48:05","guid":{"rendered":"https:\/\/gdsa30.fr\/?page_id=11117"},"modified":"2026-03-19T00:00:11","modified_gmt":"2026-03-18T23:00:11","slug":"guide-dutilisation-du-piege-coreen","status":"publish","type":"page","link":"https:\/\/gdsa30.fr\/index.php\/guide-dutilisation-du-piege-coreen\/","title":{"rendered":"Guide d&rsquo;utilisation du pi\u00e8ge cor\u00e9en"},"content":{"rendered":"\n<p>Lien de t\u00e9l\u00e9chargement: <a href=\"http:\/\/gdsa30.fr\/wp-content\/uploads\/2026\/03\/piege_coreen_2026.pdf\">\n<mark style=\"background-color:rgba(0, 0, 0, 0)\" class=\"has-inline-color has-vivid-cyan-blue-color\">guide d&rsquo;utilisation du pi\u00e8ge corr\u00e9en<\/mark><\/a><\/p>\n\n\n\n<p>Ce guide est r\u00e9dig\u00e9 afin de faciliter l\u2019installation et le suivi du pi\u00e8ge, par les membres des divers groupes mobilis\u00e9s en \u00e9quipe de secteur ; Il se veut donc au plus simple, afin d\u2019uniformiser la proc\u00e9dure.<\/p>\n\n\n\n<ul class=\"wp-block-list\">\n<li>A la prise en main : Rep\u00e9rer et retirer les 2 morceaux de scotch bloquant la grille au-dessus du r\u00e9servoir.<\/li>\n\n\n\n<li>Se familiariser avec les manipulations : d\u00e9montage toit, r\u00e9servoir, grille et ses m\u00e8ches, oreilles lat\u00e9rales.<\/li>\n\n\n\n<li>Pr\u00e9voir une suspension du pi\u00e8ge \u00e0 environ 1,5m du sol, (voir choix et maillage d\u2019implantation) facilement d\u00e9crochable, dans une zone s\u00e9curis\u00e9e (attention au vol).<\/li>\n\n\n\n<li>Pr\u00e9parer un contenant commode pour le remplissage du pi\u00e8ge, avec rep\u00e8re de graduation de la (les) dose(s) (bouteille plastique de 1,5l refermable, par exemple).<\/li>\n\n\n\n<li>A la premi\u00e8re charge : Replacer la grille en veillant au bon positionnement des m\u00e8ches \u00e0 l\u2019int\u00e9rieur du r\u00e9servoir, mouiller le tapis et les m\u00e8ches en versant doucement les \u00be de l\u2019app\u00e2t sur toute la surface de la grille, refermer le corps du pi\u00e8ge en le maintenant vertical, d\u00e9go\u00fbter le restant d\u2019app\u00e2t, par les 4 trous d\u2019entr\u00e9es sup\u00e9rieures en imbibant les buvards lat\u00e9raux.<br><strong>Noter le jour de l\u2019installation (sur un tableau \u00abr\u00e9f\u00e9rence des donn\u00e9es\u00bb).<\/strong><\/li>\n\n\n\n<li>Les 4 r\u00e9ducteurs d\u2019entr\u00e9e ne sont \u00e0 utiliser qu\u2019en fin de p\u00e9riode, sur fortes prises de frelons europ\u00e9ens.<\/li>\n\n\n\n<li>Le retrait des oreilles transparentes s\u2019op\u00e8rent par quart de tour et traction. Ces oreilles sont munies d\u2019un clapet anti-retour qui reste en position ferm\u00e9 uniquement lorsque la trappe verte est en haut .<\/li>\n\n\n\n<li>Aussi pour toute manipulation en pr\u00e9sence de frelons, pr\u00e9voir l\u2019obstruction des trous d\u2019acc\u00e8s cot\u00e9 oreilles, comme cot\u00e9 corps, avec morceaux de mousse, b\u00e2tonnets, ou stylos \u2026<\/li>\n\n\n\n<li>A savoir : Les frelons, asiatiques comme europ\u00e9ens, loin de leur nid, n\u2019ont aucune agressivit\u00e9 &#8211; T\u00f4t le matin, les muscles refroidis par la nuit, les frelons sont engourdis et ne volent pas (encore) &#8211; Secouer fortement une oreille d\u00e9mont\u00e9e, permet d\u2019\u00e9tourdir rapidement les frelons groggys par les chocs.<\/li>\n\n\n\n<li>Lors de la deuxi\u00e8me visite (\u00e0 7 jours), et les suivantes, d\u00e9crocher (ou pas) le pi\u00e8ge pour :\n<ul class=\"wp-block-list\">\n<li>Remettre \u00e0 niveau l\u2019app\u00e2t, sans ouvrir le pi\u00e8ge, par \u00e9coulement doux, \u00e0 travers les 4 trous sup\u00e9rieurs (bien mouiller les buvards) jusqu\u2019\u00e0 d\u00e9bordement, ou \u00e9valuer le niveau par transparence.<\/li>\n\n\n\n<li>Compter les captures : Faire pivoter les oreilles une \u00e0 une, les retirer (ou pas) ; Tourn\u00e9es vers le bas, ouvrir la trappe, retirer les cadavres, lib\u00e9rer \u00e9ventuellement les autres captures, compter les FA retir\u00e9s, refermer, retourner les oreilles. <strong>Totaliser les captures FA du pi\u00e8ge et les noter avec la date.<\/strong><\/li>\n<\/ul>\n<\/li>\n\n\n\n<li><strong>Sur place \u00e0 l\u2019aide du QR Code, ou au retour sur Le Frelon.com, renseigner vos relev\u00e9s.<\/strong><\/li>\n\n\n\n<li>A la fin de la campagne de pi\u00e9geage : D\u00e9monter et faire tremper dans l\u2019eau, une journ\u00e9e, toutes les parties du pi\u00e8ge. Puis nettoyer, \u00e0 grande eau, chaque pi\u00e8ce (brosse \u00e0 dent utile) en retirant tous les d\u00e9p\u00f4ts, notamment le lange-buvard (utilisable deux-trois ans). Laisser bien s\u00e9cher avant rangement dans le carton d\u2019origine, et stockage au sec \u00e0 l\u2019abri de la lumi\u00e8re ou restitution.<\/li>\n<\/ul>\n\n\n\n<p><\/p>\n\n\n\n<p><\/p>\n","protected":false},"excerpt":{"rendered":"<p>Lien de t\u00e9l\u00e9chargement: guide d&rsquo;utilisation du pi\u00e8ge corr\u00e9en Ce guide est r\u00e9dig\u00e9 afin de faciliter l\u2019installation et le suivi du pi\u00e8ge, par les membres des divers groupes mobilis\u00e9s en \u00e9quipe de secteur ; Il se veut donc au plus simple, afin d\u2019uniformiser la proc\u00e9dure.<\/p>\n","protected":false},"author":1,"featured_media":0,"parent":0,"menu_order":0,"comment_status":"closed","ping_status":"closed","template":"","meta":{"footnotes":""},"class_list":["post-11117","page","type-page","status-publish","hentry"],"_links":{"self":[{"href":"https:\/\/gdsa30.fr\/index.php\/wp-json\/wp\/v2\/pages\/11117","targetHints":{"allow":["GET"]}}],"collection":[{"href":"https:\/\/gdsa30.fr\/index.php\/wp-json\/wp\/v2\/pages"}],"about":[{"href":"https:\/\/gdsa30.fr\/index.php\/wp-json\/wp\/v2\/types\/page"}],"author":[{"embeddable":true,"href":"https:\/\/gdsa30.fr\/index.php\/wp-json\/wp\/v2\/users\/1"}],"replies":[{"embeddable":true,"href":"https:\/\/gdsa30.fr\/index.php\/wp-json\/wp\/v2\/comments?post=11117"}],"version-history":[{"count":8,"href":"https:\/\/gdsa30.fr\/index.php\/wp-json\/wp\/v2\/pages\/11117\/revisions"}],"predecessor-version":[{"id":11185,"href":"https:\/\/gdsa30.fr\/index.php\/wp-json\/wp\/v2\/pages\/11117\/revisions\/11185"}],"wp:attachment":[{"href":"https:\/\/gdsa30.fr\/index.php\/wp-json\/wp\/v2\/media?parent=11117"}],"curies":[{"name":"wp","href":"https:\/\/api.w.org\/{rel}","templated":true}]}}