{"id":9273,"date":"2018-02-14T17:06:46","date_gmt":"2018-02-14T16:06:46","guid":{"rendered":"http:\/\/gdsa30.fr\/?page_id=9273"},"modified":"2026-03-29T23:54:12","modified_gmt":"2026-03-29T21:54:12","slug":"bienvenue-au-gdsa-du-gard","status":"publish","type":"page","link":"https:\/\/gdsa30.fr\/","title":{"rendered":"Bienvenue"},"content":{"rendered":"\n<p>Ce site s\u2019adresse aux apiculteurs du d\u00e9partement du GARD, adh\u00e9rents au Groupement de D\u00e9fense Sanitaire du D\u00e9partement, mais aussi \u00e0 ceux qui, par souci de la sant\u00e9 de leurs abeilles,&nbsp;voudraient nous rejoindre (voir&nbsp; rubriques: <strong><a href=\"\/index.php\/nous-contacter\"><mark style=\"background-color:rgba(0, 0, 0, 0)\" class=\"has-inline-color has-vivid-cyan-blue-color\">Nous&nbsp; Contacter<\/mark><\/a> <\/strong>et <a href=\"\/index.php\/adhesion\"><strong><mark style=\"background-color:rgba(0, 0, 0, 0)\" class=\"has-inline-color has-vivid-cyan-blue-color\">Adh\u00e9sion 2026<\/mark><\/strong><\/a>).&nbsp;<br>Outil de communication, il a pour but de mettre en ligne des informations pratiques, techniques ou&nbsp;administratives,&nbsp;qui&nbsp;soient&nbsp;utiles \u00e0 l\u2019apiculteur.<\/p>\n\n\n\n<p>Voir nos diff\u00e9rentes rubriques.<\/p>\n\n\n\n<h3 class=\"wp-block-heading\">Le GDSA 30 ( Groupement de D\u00e9fense Sanitaire Apicole du Gard ) a pour missions&nbsp;:<\/h3>\n\n\n\n<ul class=\"wp-block-list\">\n<li>l\u2019Information et le Soutien Sanitaire,<\/li>\n\n\n\n<li>la Divulgation du Plan Sanitaire d\u2019Elevage collectif,<\/li>\n\n\n\n<li>l\u2019Aide \u00e0 l\u2019achat de m\u00e9dicaments \u00ab&nbsp;anti-varroas&nbsp;\u00bb homologu\u00e9s,<\/li>\n\n\n\n<li>le D\u00e9ploiement de son R\u00e9seau de Lutte contre le Frelon Asiatique<\/li>\n<\/ul>\n\n\n\n<p>au b\u00e9n\u00e9fice de tout apiculteur gardois, qu\u2019il soit \u00ab de loisir \u00bb, pluriactif ou professionnel, quelle que soit l\u2019importance de son cheptel.<\/p>\n\n\n\n<h3 class=\"wp-block-heading\">Le GDSA 30, section Apicole du GDS Multi \u00e9levage du Gard<\/h3>\n\n\n\n<p>est une association type \u00ab&nbsp;loi 1901&nbsp;\u00bb, sous agr\u00e9ment pr\u00e9fectoral et agr\u00e9ment r\u00e9gional pour la Pharmacie V\u00e9t\u00e9rinaire. Il est autonome et int\u00e9gralement g\u00e9r\u00e9 par des b\u00e9n\u00e9voles.<br>Il est soutenu dans son action par les pouvoirs publics (DDPP, DRAAF). Il compte pr\u00e8s de 350 adh\u00e9rents soit une grande partie des apiculteurs gardois. Aujourd\u2019hui nous vous invitons \u00e0 rejoindre cette structure cr\u00e9\u00e9e pour vous, mais qui n\u2019existera pleinement que par vous&nbsp;!<br>C\u2019est par l\u2019adh\u00e9sion du plus grand nombre que nous aurons un r\u00e9el impact sanitaire, et c\u2019est par des engagements individuels renouvel\u00e9s que nous en assurerons la p\u00e9rennit\u00e9.<\/p>\n\n\n\n<h3 class=\"wp-block-heading\">Adh\u00e9rer au GDSA permet de:<\/h3>\n\n\n\n<ul class=\"wp-block-list\">\n<li>mieux prot\u00e9ger son cheptel<\/li>\n\n\n\n<li>acc\u00e9der facilement aux Informations sanitaires et administratives<\/li>\n\n\n\n<li>b\u00e9n\u00e9ficier d\u2019un accompagnement pour les d\u00e9marches r\u00e8glementaires<\/li>\n\n\n\n<li>b\u00e9n\u00e9ficier de l\u2019abonnement groupe \u00e0 la revue \u00ab&nbsp;La Sant\u00e9 de l\u2019Abeille&nbsp;\u00bb<\/li>\n\n\n\n<li>participer collectivement \u00e0 la lutte contre Varroa, et autres maladies sur les abeilles<\/li>\n\n\n\n<li>participer au r\u00e9seau de Lutte contre le Frelon Asiatique-Pi\u00e9geage concert\u00e9 de printemps<\/li>\n\n\n\n<li>acc\u00e9der \u00e0 des tarifs pr\u00e9f\u00e9rentiels pour l\u2019achat des produits anti-varroa<\/li>\n\n\n\n<li>b\u00e9n\u00e9ficier de conseils, d\u2019une visite sanitaire tous les cinq ans \u00e0 minima<br>et si besoin d\u2019une assistance<\/li>\n\n\n\n<li>\u00eatre repr\u00e9sent\u00e9 dans l\u2019Organisme \u00e0 Vocation Sanitaire R\u00e9gional-FRGDS Occitanie<\/li>\n<\/ul>\n\n\n\n<h3 class=\"wp-block-heading\">Prenez connaissance<\/h3>\n\n\n\n<ul class=\"wp-block-list\">\n<li>du Plan Sanitaire d\u2019Elevage (PSE 2026) (le lien vers le <strong><a href=\"\/wp-content\/uploads\/2025\/12\/2026_Presentation-PSE-2026-GDSA-30.pdf\"><mark style=\"background-color:rgba(0, 0, 0, 0)\" class=\"has-inline-color has-vivid-cyan-blue-color\">PSE<\/mark><\/a><\/strong>)<\/li>\n\n\n\n<li>des RCP (R\u00e9sum\u00e9 des Caract\u00e9ristiques du Produit) des M\u00e9dicaments anti-varroas demand\u00e9s (lien vers le <strong><a href=\"\/wp-content\/uploads\/2026\/01\/2026_VARROXAL-Presentation.pdf\"><mark style=\"background-color:rgba(0, 0, 0, 0)\" class=\"has-inline-color has-vivid-cyan-blue-color\">document<\/mark><\/a><\/strong>)<\/li>\n\n\n\n<li>des Statuts du GDS et du R\u00e8glement Int\u00e9rieur du GDS 30 (lien vers les <strong><a href=\"\/wp-content\/uploads\/2025\/12\/2026_STATUTS-GDS-30-Signes.pdf\"><mark style=\"background-color:rgba(0, 0, 0, 0)\" class=\"has-inline-color has-vivid-cyan-blue-color\">statuts<\/mark><\/a><\/strong>, lien vers le \n<strong><a href=\"\/wp-content\/uploads\/2025\/12\/2026_RI-GDS-30.pdf\"><mark style=\"background-color:rgba(0, 0, 0, 0)\" class=\"has-inline-color has-vivid-cyan-blue-color\">r\u00e8glement int\u00e9rieur du GDS<\/mark><\/a><\/strong>)<\/li>\n\n\n\n<li>du R\u00e8glement Int\u00e9rieur de la section apicole (GDSA) du GDS 30 (lien vers le \n<strong><a href=\"\/wp-content\/uploads\/2024\/01\/Reglement-interieur-Section-Apicole-GDSA-30.pdf\"><mark style=\"background-color:rgba(0, 0, 0, 0)\" class=\"has-inline-color has-vivid-cyan-blue-color\">r\u00e8glement int\u00e9rieur du GDSA<\/mark><\/a><\/strong>)<\/li>\n\n\n\n<li>du Plan de pi\u00e9geage FA de printemps, campagne 2026 (lien vers la <a href=\"\/index.php\/reseau-lutte-frelon-2026\/\"><strong><mark style=\"background-color:rgba(0, 0, 0, 0)\" class=\"has-inline-color has-vivid-cyan-blue-color\">page<\/mark><\/strong><\/a>)<\/li>\n\n\n\n<li>de la CHARTE du Pi\u00e9geur si vous vous engagez dans un R\u00e9seau de pi\u00e9geage concert\u00e9 (lien vers la <a href=\"\/wp-content\/uploads\/2025\/12\/2026_GDSA-30-Reseau-Lutte-FA-CHARTE-DU-PIEGEUR-Bonnes-pratiques.pdf\"><strong><mark style=\"background-color:rgba(0, 0, 0, 0)\" class=\"has-inline-color has-vivid-cyan-blue-color\">charte du pi\u00e9geur<\/mark><\/strong>)<\/a><\/li>\n<\/ul>\n\n\n<hr \/>\n\n\n<p><em>Agr\u00e9ment Pr\u00e9fectoral&nbsp; n\u00b0 2011-028-005<\/em><\/p>\n\n\n\n<p><em>Agr\u00e9ment Minist\u00e9riel&nbsp; \u00ab\u00a0Pharmacie V\u00e9t\u00e9rinaire\u00a0\u00bb&nbsp; n\u00b0 PH 30 189 024<\/em><\/p>\n\n\n\n<p><\/p>\n","protected":false},"excerpt":{"rendered":"<p>Ce site s\u2019adresse aux apiculteurs du d\u00e9partement du GARD, adh\u00e9rents au Groupement de D\u00e9fense Sanitaire du D\u00e9partement, mais aussi \u00e0 ceux qui, par souci de la sant\u00e9 de leurs abeilles,&nbsp;voudraient nous rejoindre (voir&nbsp; rubriques: Nous&nbsp; Contacter et Adh\u00e9sion 2026).&nbsp;Outil de communication, il a pour but de mettre en ligne des informations pratiques, techniques ou&nbsp;administratives,&nbsp;qui&nbsp;soient&nbsp;utiles \u00e0 l\u2019apiculteur. Voir nos diff\u00e9rentes rubriques. Le GDSA 30 ( Groupement de D\u00e9fense Sanitaire Apicole du Gard ) a pour missions&nbsp;: au b\u00e9n\u00e9fice de tout apiculteur&#8230;<\/p>\n<p class=\"read-more\"><a class=\"btn btn-default\" href=\"https:\/\/gdsa30.fr\/\">Lire la suite<span class=\"screen-reader-text\"> Lire la suite<\/span><\/a><\/p>\n","protected":false},"author":1,"featured_media":0,"parent":0,"menu_order":0,"comment_status":"closed","ping_status":"closed","template":"","meta":{"footnotes":""},"class_list":["post-9273","page","type-page","status-publish","hentry"],"_links":{"self":[{"href":"https:\/\/gdsa30.fr\/index.php\/wp-json\/wp\/v2\/pages\/9273","targetHints":{"allow":["GET"]}}],"collection":[{"href":"https:\/\/gdsa30.fr\/index.php\/wp-json\/wp\/v2\/pages"}],"about":[{"href":"https:\/\/gdsa30.fr\/index.php\/wp-json\/wp\/v2\/types\/page"}],"author":[{"embeddable":true,"href":"https:\/\/gdsa30.fr\/index.php\/wp-json\/wp\/v2\/users\/1"}],"replies":[{"embeddable":true,"href":"https:\/\/gdsa30.fr\/index.php\/wp-json\/wp\/v2\/comments?post=9273"}],"version-history":[{"count":35,"href":"https:\/\/gdsa30.fr\/index.php\/wp-json\/wp\/v2\/pages\/9273\/revisions"}],"predecessor-version":[{"id":11189,"href":"https:\/\/gdsa30.fr\/index.php\/wp-json\/wp\/v2\/pages\/9273\/revisions\/11189"}],"wp:attachment":[{"href":"https:\/\/gdsa30.fr\/index.php\/wp-json\/wp\/v2\/media?parent=9273"}],"curies":[{"name":"wp","href":"https:\/\/api.w.org\/{rel}","templated":true}]}}