{"id":9286,"date":"2018-02-14T17:29:11","date_gmt":"2018-02-14T16:29:11","guid":{"rendered":"http:\/\/gdsa30.fr\/?page_id=9286"},"modified":"2026-01-03T10:16:51","modified_gmt":"2026-01-03T09:16:51","slug":"adhesion","status":"publish","type":"page","link":"https:\/\/gdsa30.fr\/index.php\/adhesion\/","title":{"rendered":"Adh\u00e9rer au GDSA 30"},"content":{"rendered":"\n<p>Adh\u00e9rer au GDSA 30\u00a0c\u2019est s\u2019engager \u00e0 une pratique sanitaire apicole saine,\u00a0c\u2019est notamment respecter notre Plan Sanitaire d\u2019Elevage (PSE) collectif,\u00a0(voir rubrique <strong><mark style=\"background-color:rgba(0, 0, 0, 0)\" class=\"has-inline-color has-vivid-cyan-blue-color\"><a href=\"\/index.php\/plan-sanitaire-delevage-2026\/\">PSE<\/a><\/mark><\/strong>) et en particulier lutter correctement contre le\u00a0<strong>Varroa.<\/strong>\u00a0 A cette fin\u00a0nous donnons acc\u00e8s aux principaux produits de traitement anti-varroa, ayant une AMM, (autorisation de mise sur le march\u00e9), \u00e0 prix\u00a0subventionn\u00e9s.<\/p>\n\n\n\n<h2 class=\"wp-block-heading\">Adh\u00e9sion 2026<\/h2>\n\n\n\n\n<div class=\"wpcf7 no-js\" id=\"wpcf7-f10693-o1\" lang=\"fr-FR\" dir=\"ltr\" data-wpcf7-id=\"10693\">\n<div class=\"screen-reader-response\"><p role=\"status\" aria-live=\"polite\" aria-atomic=\"true\"><\/p> <ul><\/ul><\/div>\n<form action=\"\/index.php\/wp-json\/wp\/v2\/pages\/9286#wpcf7-f10693-o1\" method=\"post\" class=\"wpcf7-form init\" aria-label=\"Formulaire de contact\" novalidate=\"novalidate\" data-status=\"init\">\n<fieldset class=\"hidden-fields-container\"><input type=\"hidden\" name=\"_wpcf7\" value=\"10693\" \/><input type=\"hidden\" name=\"_wpcf7_version\" value=\"6.1.4\" \/><input type=\"hidden\" name=\"_wpcf7_locale\" value=\"fr_FR\" \/><input type=\"hidden\" name=\"_wpcf7_unit_tag\" value=\"wpcf7-f10693-o1\" \/><input type=\"hidden\" name=\"_wpcf7_container_post\" value=\"0\" \/><input type=\"hidden\" name=\"_wpcf7_posted_data_hash\" value=\"\" \/>\n<\/fieldset>\n<p><label> Mon nom<br \/>\n<span class=\"wpcf7-form-control-wrap\" data-name=\"gdsa-name\"><input size=\"40\" maxlength=\"400\" class=\"wpcf7-form-control wpcf7-text wpcf7-validates-as-required\" autocomplete=\"family-name\" aria-required=\"true\" aria-invalid=\"false\" value=\"\" type=\"text\" name=\"gdsa-name\" \/><\/span> <\/label><br \/>\n<label> Mon pr\u00e9nom<br \/>\n<span class=\"wpcf7-form-control-wrap\" data-name=\"gdsa-forname\"><input size=\"40\" maxlength=\"400\" class=\"wpcf7-form-control wpcf7-text wpcf7-validates-as-required\" autocomplete=\"given-name\" aria-required=\"true\" aria-invalid=\"false\" value=\"\" type=\"text\" name=\"gdsa-forname\" \/><\/span> <\/label><br \/>\n<label> Mon e-mail<br \/>\n<span class=\"wpcf7-form-control-wrap\" data-name=\"gdsa-email\"><input size=\"40\" maxlength=\"400\" class=\"wpcf7-form-control wpcf7-email wpcf7-validates-as-required wpcf7-text wpcf7-validates-as-email\" autocomplete=\"email\" aria-required=\"true\" aria-invalid=\"false\" value=\"\" type=\"email\" name=\"gdsa-email\" \/><\/span> <\/label><br \/>\n<label> Mon t\u00e9l\u00e9phone<br \/>\n<span class=\"wpcf7-form-control-wrap\" data-name=\"gdsa-phone\"><input size=\"40\" maxlength=\"400\" class=\"wpcf7-form-control wpcf7-tel wpcf7-validates-as-required wpcf7-text wpcf7-validates-as-tel\" autocomplete=\"tel\" aria-required=\"true\" aria-invalid=\"false\" value=\"\" type=\"tel\" name=\"gdsa-phone\" \/><\/span> <\/label>\n<\/p>\n<p><span class=\"wpcf7-form-control-wrap\" data-name=\"gdsa-cerfa\"><span class=\"wpcf7-form-control wpcf7-checkbox wpcf7-validates-as-required\"><span class=\"wpcf7-list-item first last\"><label><input type=\"checkbox\" name=\"gdsa-cerfa[]\" value=\"j\u2019ai bien r\u00e9alis\u00e9 ma d\u00e9claration de rucher et je m\u2019assure que j\u2019ai mon r\u00e9c\u00e9piss\u00e9 sinon, je d\u00e9clare mon cheptel en remplissant le cerfa\" \/><span class=\"wpcf7-list-item-label\">j\u2019ai bien r\u00e9alis\u00e9 ma d\u00e9claration de rucher et je m\u2019assure que j\u2019ai mon r\u00e9c\u00e9piss\u00e9 sinon, je d\u00e9clare mon cheptel en remplissant le cerfa<\/span><\/label><\/span><\/span><\/span><br \/>\n<b><a target=\"_blank\"  href=\"https:\/\/agriculture-portail.6tzen.fr\/default\/requests\/Cerfa13995\/\"><mark style=\"background-color:rgba(0, 0, 0, 0)\" class=\"has-inline-color has-vivid-cyan-blue-color\">Je remplis le cerfa en ligne<\/mark><\/a><\/b>\n<\/p>\n<p><span class=\"wpcf7-form-control-wrap\" data-name=\"gdsa-trans\"><span class=\"wpcf7-form-control wpcf7-checkbox wpcf7-validates-as-required\"><span class=\"wpcf7-list-item first last\"><label><input type=\"checkbox\" name=\"gdsa-trans[]\" value=\"je transmets mon r\u00e9c\u00e9piss\u00e9 de D\u00e9claration\" \/><span class=\"wpcf7-list-item-label\">je transmets mon r\u00e9c\u00e9piss\u00e9 de D\u00e9claration<\/span><\/label><\/span><\/span><\/span><br \/>\n<b><a target=\"_blank\" href=\"mailto:gdsa30@gmail.com\"><mark style=\"background-color:rgba(0, 0, 0, 0)\" class=\"has-inline-color has-vivid-cyan-blue-color\">Je transmets mon r\u00e9c\u00e9piss\u00e9 \u00e0 gdsa30@gmail.com<\/mark><\/a><\/b>\n<\/p>\n<p><span class=\"wpcf7-form-control-wrap\" data-name=\"gdsa-plan\"><span class=\"wpcf7-form-control wpcf7-radio\"><span class=\"wpcf7-list-item first last\"><label><input type=\"radio\" name=\"gdsa-plan\" value=\"je prends connaissance du Plan de Distribution des M\u00e9dicaments anti-varroas\" \/><span class=\"wpcf7-list-item-label\">je prends connaissance du Plan de Distribution des M\u00e9dicaments anti-varroas<\/span><\/label><\/span><\/span><\/span><br \/>\n<b><a target=\"_blank\" href=\"\/wp-content\/uploads\/2025\/12\/2026_Plan-2026-de-Distribution-des-Produits-Anti-Varroas-GDSA-30.pdf\"><mark style=\"background-color:rgba(0, 0, 0, 0)\" class=\"has-inline-color has-vivid-cyan-blue-color\">Je t\u00e9l\u00e9charge le Plan de Distribution des M\u00e9dicaments anti-varroas inscrits au PSE 2026<\/mark><\/a><\/b>\n<\/p>\n<p><span class=\"wpcf7-form-control-wrap\" data-name=\"gdsa-bulletin\"><span class=\"wpcf7-form-control wpcf7-radio\"><span class=\"wpcf7-list-item first last\"><label><input type=\"radio\" name=\"gdsa-bulletin\" value=\"je t\u00e9l\u00e9charge et compl\u00e8te mon Bulletin d\u2019Adh\u00e9sion 2026\" \/><span class=\"wpcf7-list-item-label\">je t\u00e9l\u00e9charge et compl\u00e8te mon Bulletin d\u2019Adh\u00e9sion 2026<\/span><\/label><\/span><\/span><\/span><br \/>\n<b><a target=\"_blank\" href=\"\/wp-content\/uploads\/2026\/01\/2-Bulletin1-eAdh-2026-GDSA-30-Recto.pdf\"><mark style=\"background-color:rgba(0, 0, 0, 0)\" class=\"has-inline-color has-vivid-cyan-blue-color\">Je t\u00e9l\u00e9charge mon Bulletin d\u2019Adh\u00e9sion 2026 - Cotisation - Newsletters - Revue Sant\u00e9 de l\u2019Abeille - Demande M\u00e9dicaments - Avoir re\u00e7u par mail, sans oublier les rubriques du verso<\/mark><\/a><br \/>\n<\/b>\n<\/p>\n<p><span class=\"wpcf7-form-control-wrap\" data-name=\"gdsa-procuration\"><span class=\"wpcf7-form-control wpcf7-radio\"><span class=\"wpcf7-list-item first last\"><label><input type=\"radio\" name=\"gdsa-procuration\" value=\"Je prends connaissance et compl\u00e8te les demandes au verso du Bulletin d&#039;Adh\u00e9sion\" \/><span class=\"wpcf7-list-item-label\">Je prends connaissance et compl\u00e8te les demandes au verso du Bulletin d&#039;Adh\u00e9sion<\/span><\/label><\/span><\/span><\/span><br \/>\n<b><a target=\"_blank\" href=\"\/wp-content\/uploads\/2026\/03\/Bulletin2-VERSO-eAdh-2026-GDSA-30.pdf\"><mark style=\"background-color:rgba(0, 0, 0, 0)\" class=\"has-inline-color has-vivid-cyan-blue-color\">Je t\u00e9l\u00e9charge la deuxi\u00e8me page du Bulletin d'Adh\u00e9sion, et enfin, au choix:<\/mark><\/a><\/b>\n<\/p>\n<p><span class=\"wpcf7-form-control-wrap\" data-name=\"gdsa-reglement\"><span class=\"wpcf7-form-control wpcf7-radio\"><span class=\"wpcf7-list-item first\"><label><input type=\"radio\" name=\"gdsa-reglement\" value=\"je r\u00e8gle mon total par Virement IBAN GDSA 30 : FR19 2004 1010 0900 7594 5V03 091 et je scanne et transmets le pdf de mon Bulletin 2026 \u00e0 gdsa30@gmail.com\" \/><span class=\"wpcf7-list-item-label\">je r\u00e8gle mon total par Virement IBAN GDSA 30 : FR19 2004 1010 0900 7594 5V03 091 et je scanne et transmets le pdf de mon Bulletin 2026 \u00e0 gdsa30@gmail.com<\/span><\/label><\/span><span class=\"wpcf7-list-item last\"><label><input type=\"radio\" name=\"gdsa-reglement\" value=\"j\u2019adresse le Bulletin \u00ab papier \u00bb, le R\u00e9c\u00e9piss\u00e9 de D\u00e9claration de ruches et le ch\u00e8que \u00e0 l\u2019ordre du GDSA du Gard \u00e0 GDSA30 4 ROUTE DE SAINT-AMBROIX 30430 ST JEAN DE MARUEJOLS\" \/><span class=\"wpcf7-list-item-label\">j\u2019adresse le Bulletin \u00ab papier \u00bb, le R\u00e9c\u00e9piss\u00e9 de D\u00e9claration de ruches et le ch\u00e8que \u00e0 l\u2019ordre du GDSA du Gard \u00e0 GDSA30 4 ROUTE DE SAINT-AMBROIX 30430 ST JEAN DE MARUEJOLS<\/span><\/label><\/span><\/span><\/span><br \/>\n<b><a target=\"_blank\" href=\"mailto:gdsa30@gmail.com\"><mark style=\"background-color:rgba(0, 0, 0, 0)\" class=\"has-inline-color has-vivid-cyan-blue-color\">Je transmets le pdf de mon Bulletin 2026 (recto et verso) \u00e0 gdsa30@gmail.com<\/mark><\/a><\/b>\n<\/p>\n<p><label> Votre message (facultatif)<br \/>\n<span class=\"wpcf7-form-control-wrap\" data-name=\"gdsa-message\"><textarea cols=\"40\" rows=\"10\" maxlength=\"2000\" class=\"wpcf7-form-control wpcf7-textarea\" aria-invalid=\"false\" name=\"gdsa-message\"><\/textarea><\/span> <\/label><br \/>\n<input class=\"wpcf7-form-control wpcf7-submit has-spinner\" type=\"submit\" value=\"Envoyer\" \/>\n<\/p><div class=\"wpcf7-response-output\" aria-hidden=\"true\"><\/div>\n<\/form>\n<\/div>\n\n\n\n\n<p><\/p>\n","protected":false},"excerpt":{"rendered":"<p>Adh\u00e9rer au GDSA 30\u00a0c\u2019est s\u2019engager \u00e0 une pratique sanitaire apicole saine,\u00a0c\u2019est notamment respecter notre Plan Sanitaire d\u2019Elevage (PSE) collectif,\u00a0(voir rubrique PSE) et en particulier lutter correctement contre le\u00a0Varroa.\u00a0 A cette fin\u00a0nous donnons acc\u00e8s aux principaux produits de traitement anti-varroa, ayant une AMM, (autorisation de mise sur le march\u00e9), \u00e0 prix\u00a0subventionn\u00e9s. Adh\u00e9sion 2026<\/p>\n","protected":false},"author":1,"featured_media":0,"parent":0,"menu_order":0,"comment_status":"closed","ping_status":"closed","template":"","meta":{"footnotes":""},"class_list":["post-9286","page","type-page","status-publish","hentry"],"_links":{"self":[{"href":"https:\/\/gdsa30.fr\/index.php\/wp-json\/wp\/v2\/pages\/9286","targetHints":{"allow":["GET"]}}],"collection":[{"href":"https:\/\/gdsa30.fr\/index.php\/wp-json\/wp\/v2\/pages"}],"about":[{"href":"https:\/\/gdsa30.fr\/index.php\/wp-json\/wp\/v2\/types\/page"}],"author":[{"embeddable":true,"href":"https:\/\/gdsa30.fr\/index.php\/wp-json\/wp\/v2\/users\/1"}],"replies":[{"embeddable":true,"href":"https:\/\/gdsa30.fr\/index.php\/wp-json\/wp\/v2\/comments?post=9286"}],"version-history":[{"count":40,"href":"https:\/\/gdsa30.fr\/index.php\/wp-json\/wp\/v2\/pages\/9286\/revisions"}],"predecessor-version":[{"id":10894,"href":"https:\/\/gdsa30.fr\/index.php\/wp-json\/wp\/v2\/pages\/9286\/revisions\/10894"}],"wp:attachment":[{"href":"https:\/\/gdsa30.fr\/index.php\/wp-json\/wp\/v2\/media?parent=9286"}],"curies":[{"name":"wp","href":"https:\/\/api.w.org\/{rel}","templated":true}]}}