{"id":9604,"date":"2019-03-06T18:27:12","date_gmt":"2019-03-06T17:27:12","guid":{"rendered":"http:\/\/gdsa30.fr\/?page_id=9604"},"modified":"2023-03-09T10:43:51","modified_gmt":"2023-03-09T09:43:51","slug":"fa-fiche-didentification","status":"publish","type":"page","link":"https:\/\/gdsa30.fr\/index.php\/frelon-asiatique\/fa-fiche-didentification\/","title":{"rendered":"FA &#8211; fiches d&rsquo;identification"},"content":{"rendered":"\n<div data-wp-interactive=\"core\/file\" class=\"wp-block-file\"><object data-wp-bind--hidden=\"!state.hasPdfPreview\" hidden class=\"wp-block-file__embed\" data=\"http:\/\/gdsa30.fr\/wp-content\/uploads\/2021\/11\/FA-fiche-didentification.pdf\" type=\"application\/pdf\" style=\"width:100%;height:600px\" aria-label=\"Contenu embarqu\u00e9 FA-fiche-didentification.\"><\/object><a id=\"wp-block-file--media-216ef52a-9ec4-4a62-8134-fec717199d6a\" href=\"http:\/\/gdsa30.fr\/wp-content\/uploads\/2021\/11\/FA-fiche-didentification.pdf\">FA-fiche-didentification<\/a><a href=\"http:\/\/gdsa30.fr\/wp-content\/uploads\/2021\/11\/FA-fiche-didentification.pdf\" class=\"wp-block-file__button wp-element-button\" download aria-describedby=\"wp-block-file--media-216ef52a-9ec4-4a62-8134-fec717199d6a\">T\u00e9l\u00e9charger<\/a><\/div>\n\n\n\n<div data-wp-interactive=\"core\/file\" class=\"wp-block-file\"><object data-wp-bind--hidden=\"!state.hasPdfPreview\" hidden class=\"wp-block-file__embed\" data=\"http:\/\/gdsa30.fr\/wp-content\/uploads\/2021\/11\/Fiche-FA-DRAF.pdf\" type=\"application\/pdf\" style=\"width:100%;height:600px\" aria-label=\"Contenu embarqu\u00e9 description-FA-DRAF.\"><\/object><a id=\"wp-block-file--media-58eb9068-244e-4346-b06a-965c4315e9ee\" href=\"http:\/\/gdsa30.fr\/wp-content\/uploads\/2021\/11\/Fiche-FA-DRAF.pdf\">description-FA-DRAF<\/a><a href=\"http:\/\/gdsa30.fr\/wp-content\/uploads\/2021\/11\/Fiche-FA-DRAF.pdf\" class=\"wp-block-file__button wp-element-button\" download aria-describedby=\"wp-block-file--media-58eb9068-244e-4346-b06a-965c4315e9ee\">T\u00e9l\u00e9charger<\/a><\/div>\n\n\n\n<div data-wp-interactive=\"core\/file\" class=\"wp-block-file\"><object data-wp-bind--hidden=\"!state.hasPdfPreview\" hidden class=\"wp-block-file__embed\" data=\"http:\/\/gdsa30.fr\/wp-content\/uploads\/2021\/11\/Fiche-FA-ADAACQ-CNDA.pdf\" type=\"application\/pdf\" style=\"width:100%;height:600px\" aria-label=\"Contenu embarqu\u00e9 Fiche-FA-ADAACQ-CNDA.\"><\/object><a id=\"wp-block-file--media-aa7caab6-062e-4ab7-b74d-b3e43886eb4a\" href=\"http:\/\/gdsa30.fr\/wp-content\/uploads\/2021\/11\/Fiche-FA-ADAACQ-CNDA.pdf\">Fiche-FA-ADAACQ-CNDA<\/a><a href=\"http:\/\/gdsa30.fr\/wp-content\/uploads\/2021\/11\/Fiche-FA-ADAACQ-CNDA.pdf\" class=\"wp-block-file__button wp-element-button\" download aria-describedby=\"wp-block-file--media-aa7caab6-062e-4ab7-b74d-b3e43886eb4a\">T\u00e9l\u00e9charger<\/a><\/div>\n\n\n\n<p>Ci-dessous, d<strong>\u00e9couvrez en 5&prime; le cycle de d\u00e9veloppement du Frelon Asiatique et pourquoi il est n\u00e9cessaire d&rsquo;effectuer un pi\u00e9geage de Printemps :<\/strong><\/p>\n\n\n\n<p><a href=\"https:\/\/youtu.be\/bBmLt7-7Pjc\">https:\/\/youtu.be\/bBmLt7-7Pjc<\/a><\/p>\n\n\n\n<p><\/p>\n","protected":false},"excerpt":{"rendered":"<p>Ci-dessous, d\u00e9couvrez en 5&prime; le cycle de d\u00e9veloppement du Frelon Asiatique et pourquoi il est n\u00e9cessaire d&rsquo;effectuer un pi\u00e9geage de Printemps : https:\/\/youtu.be\/bBmLt7-7Pjc<\/p>\n","protected":false},"author":3,"featured_media":0,"parent":9578,"menu_order":2,"comment_status":"closed","ping_status":"closed","template":"","meta":{"footnotes":""},"class_list":["post-9604","page","type-page","status-publish","hentry"],"_links":{"self":[{"href":"https:\/\/gdsa30.fr\/index.php\/wp-json\/wp\/v2\/pages\/9604","targetHints":{"allow":["GET"]}}],"collection":[{"href":"https:\/\/gdsa30.fr\/index.php\/wp-json\/wp\/v2\/pages"}],"about":[{"href":"https:\/\/gdsa30.fr\/index.php\/wp-json\/wp\/v2\/types\/page"}],"author":[{"embeddable":true,"href":"https:\/\/gdsa30.fr\/index.php\/wp-json\/wp\/v2\/users\/3"}],"replies":[{"embeddable":true,"href":"https:\/\/gdsa30.fr\/index.php\/wp-json\/wp\/v2\/comments?post=9604"}],"version-history":[{"count":7,"href":"https:\/\/gdsa30.fr\/index.php\/wp-json\/wp\/v2\/pages\/9604\/revisions"}],"predecessor-version":[{"id":10392,"href":"https:\/\/gdsa30.fr\/index.php\/wp-json\/wp\/v2\/pages\/9604\/revisions\/10392"}],"up":[{"embeddable":true,"href":"https:\/\/gdsa30.fr\/index.php\/wp-json\/wp\/v2\/pages\/9578"}],"wp:attachment":[{"href":"https:\/\/gdsa30.fr\/index.php\/wp-json\/wp\/v2\/media?parent=9604"}],"curies":[{"name":"wp","href":"https:\/\/api.w.org\/{rel}","templated":true}]}}