{"id":9854,"date":"2020-05-11T14:19:51","date_gmt":"2020-05-11T12:19:51","guid":{"rendered":"http:\/\/gdsa30.fr\/?page_id=9854"},"modified":"2020-05-11T14:19:51","modified_gmt":"2020-05-11T12:19:51","slug":"varromed","status":"publish","type":"page","link":"https:\/\/gdsa30.fr\/index.php\/varromed\/","title":{"rendered":"VARROMED"},"content":{"rendered":"\n<figure class=\"wp-block-image\"><img decoding=\"async\" src=\"http:\/\/gdsa30.fr\/wp-content\/uploads\/2020\/05\/varromed-1.jpg\" alt=\"\" class=\"wp-image-9857\"\/><\/figure>\n\n\n\n<p><strong>VARROMED : Traitement <\/strong>antivarroose, que nous qualifierons de compl\u00e9mentaire, car il ne\ndispense pas,selon nous, des traitements \u00ab longue dur\u00e9e \u00bb.<\/p>\n\n\n\n<p><strong>Ses points forts:<\/strong><\/p>\n\n\n\n<p>-Produit\n\u00e0 base de substances naturelles: acide oxalique, acide formique, propolis,\nhuiles essentielles<\/p>\n\n\n\n<p>-Utilisable\nen apiculture biologique, il est inoffensif pour les abeilles, pour la reine,\npour l\u2019apiculteur et pour l\u2019environnement ( attention toutefois \u00e0 la fr\u00e9quence\ndes passages et au surdosage )<\/p>\n\n\n\n<p>-Flexibilit\u00e9\net adaptation aux besoins des ruches: possibilit\u00e9 de traiter \u00e0 tout moment en\nfonction de l\u2019\u00e9tat d\u2019infestation, le nombre d\u2019applications est d\u00e9termin\u00e9 par le\ntaux de varroa r\u00e9siduel. L\u2019application peut se faire sur les ruches avec ou\nsans couvain.<\/p>\n\n\n\n<p>-Produit\npr\u00eat \u00e0 l\u2019emploi, pas de pr\u00e9paration n\u00e9cessaire ( mais attention \u00e0 sa\ntemp\u00e9rature d\u2019utilisation )<\/p>\n\n\n\n<p>-Pas\nd\u2019accoutumance de varroa ( pas de risque de r\u00e9sistance au traitement )<\/p>\n\n\n\n<p>-Le\ntemps d\u2019attente pour le miel apr\u00e8s application est de z\u00e9ro jour.<\/p>\n\n\n\n<p><strong>Les limites du produit:<\/strong><\/p>\n\n\n\n<p>-Il ne traverse pas les opercules, et n\u2019a donc pas d\u2019effet\nsur les varroas dans les cellules opercul\u00e9es. Ce qui implique de faire\nplusieurs traitements \u00e0 la suite ( espac\u00e9s de 6 jours ) en pr\u00e9sence de couvain.<\/p>\n\n\n\n<p>-VarroMed ne\ndoit \u00eatre utilis\u00e9 que dans le cadre d\u2019un programme de lutte int\u00e9gr\u00e9e contre le\nvarroa. L\u2019efficacit\u00e9 n\u2019a \u00e9t\u00e9 \u00e9tudi\u00e9e que dans des ruches pr\u00e9sentant des taux\nd\u2019infestation varroas faibles \u00e0 mod\u00e9r\u00e9s.<\/p>\n\n\n\n<p>-Une augmentation de la mortalit\u00e9 d\u2019ouvri\u00e8res peut \u00eatre\nobserv\u00e9e apr\u00e8s traitement ; Cet effet, qui est consid\u00e9r\u00e9 comme associ\u00e9 \u00e0\nl\u2019acide oxalique, s\u2019intensifie avec l\u2019augmentation des doses et la r\u00e9p\u00e9tition\ndes traitements. -La tol\u00e9rance \u00e0 long terme du produit n\u2019a \u00e9t\u00e9 test\u00e9e que sur\n18 mois, ce qui signifie qu\u2019un impact n\u00e9gatif du produit sur les reines ou le\nd\u00e9veloppement de la colonie apr\u00e8s des p\u00e9riodes de traitement plus longues ne\npeut \u00eatre exclu.<\/p>\n\n\n\n<p>-Ne\npas utiliser sur miell\u00e9e, ni en pr\u00e9sence des hausses.<\/p>\n\n\n\n<p>-Ce m\u00e9dicament v\u00e9t\u00e9rinaire est irritant pour la peau, les\nmuqueuses et les yeux. Le port d\u2019\u00e9quipements de protection est recommand\u00e9. En\ncas de contact accidentel, laver imm\u00e9diatement \u00e0 l\u2019eau courante.<\/p>\n\n\n\n<p><strong>Pr\u00e9sentation :<\/strong><\/p>\n\n\n\n<p>Varromed est\nconditionn\u00e9 dans un flacon de 555 ml avec un embout d\u2019application int\u00e9gr\u00e9 et\nune \u00e9chelle de graduation pour faciliter le dosage. Contenance: 5mg Acide\nformique, 44mg Acide oxalique dihydrate par ml. La dur\u00e9e de conservation du\nm\u00e9dicament v\u00e9t\u00e9rinaire tel que conditionn\u00e9 pour la vente est de 2 ans. La dur\u00e9e\nde conservation apr\u00e8s la premi\u00e8re ouverture du conditionnement est d\u2019environ 30\njours.<\/p>\n\n\n\n<p>Produit\n\u00e0 conserver \u00e0 une temp\u00e9rature ne d\u00e9passant pas 25 \u00b0C, \u00e0 l\u2019abri de la lumi\u00e8re.<\/p>\n\n\n\n<p><strong>Posologie et voie d\u2019administration :<\/strong><\/p>\n\n\n\n<p>Utilisation \u00e0 l\u2019int\u00e9rieur de la ruche. Le produit doit \u00eatre\nvers\u00e9 lentement sur les abeilles entre les cadres du couvain occup\u00e9s par les\nabeilles. Bien agiter avant utilisation. La dose doit \u00eatre soigneusement\najust\u00e9e \u00e0 la taille de la colonie. D\u00e9terminer la taille de la colonie et le\nnombre de cadres de couvain occup\u00e9s par les abeilles<\/p>\n\n\n\n<ul class=\"wp-block-list\"><li>traiter\net s\u00e9lectionner la quantit\u00e9 de produit appropri\u00e9e. Le sch\u00e9ma posologique\nsuivant doit \u00eatre respect\u00e9:<\/li><\/ul>\n\n\n\n<table class=\"wp-block-table\"><tbody><tr><td>\n  Nbre d\u2019abeilles :\n  <\/td><td>\n  5 000-7\n  000\n  <\/td><td>\n  7 000-12\n  000\n  <\/td><td>\n  12 000-30\n  000\n  <\/td><td>\n  &gt; 30\n  000\n  <\/td><\/tr><tr><td>\n  VarroMed (ml) :\n  <\/td><td>\n  15 ml\n  <\/td><td>\n  15 \u00e0 30 ml\n  <\/td><td>\n  30 \u00e0 45 ml\n  <\/td><td>\n  45 ml\n  <\/td><\/tr><\/tbody><\/table>\n\n\n\n<p>Une administration r\u00e9p\u00e9t\u00e9e de VarroMed \u00e0 des intervalles de\n6 jours pourrait \u00eatre n\u00e9cessaire lors du traitement de printemps ou d\u2019automne;\nles applications r\u00e9p\u00e9t\u00e9es ne doivent \u00eatre bas\u00e9es que sur la chute d\u2019acariens,\nconform\u00e9ment aux indications suivantes :<br><\/p>\n\n\n\n<p><strong>Traitement de\nPrintemps :<\/strong><\/p>\n\n\n\n<p>Le traitement doit \u00eatre effectu\u00e9 au d\u00e9but de la saison\nlorsque la population de la colonie s\u2019accro\u00eet et que la chute naturelle\nd\u2019acariens est sup\u00e9rieure \u00e0 1 acarien par jour.<\/p>\n\n\n\n<p>Le traitement doit \u00eatre r\u00e9p\u00e9t\u00e9 une ou deux autres fois\n(maximum de 3 traitements) si plus de 10 acariens sont d\u00e9tect\u00e9s sur le plancher\ndans les 6 jours suivant le premier traitement.<\/p>\n\n\n\n<p><strong>Traitement d\u2019\u00e9t\u00e9 et automne :<\/strong><\/p>\n\n\n\n<p>Le traitement doit \u00eatre effectu\u00e9 aussi rapidement que\npossible \u00e0 la fin de l\u2019\u00e9t\u00e9 ou au d\u00e9but de l\u2019automne lorsque la population de la\ncolonie se r\u00e9duit et que la chute naturelle d\u2019acariens est sup\u00e9rieure \u00e0 4\nacariens par jour. Le traitement doit \u00eatre r\u00e9p\u00e9t\u00e9 deux fois, \u00e0 6 jours\nd\u2019intervalle. Le traitement peut \u00eatre r\u00e9p\u00e9t\u00e9 deux autres fois<\/p>\n\n\n\n<ul class=\"wp-block-list\"><li>jusqu\u2019\u00e0\nun maximum de 5 traitements ) si plus de 150 acariens pour une ruche, ou plus\nde 90 acariens pour une ruchette, sont d\u00e9tect\u00e9s sur le plancher dans les 6\njours suivant la troisi\u00e8me administration.<\/li><\/ul>\n\n\n\n<p><strong>Traitement d\u2019Hiver :<\/strong><\/p>\n\n\n\n<p>Le\ntraitement doit \u00eatre effectu\u00e9 au d\u00e9but de la p\u00e9riode sans couvain dans les\nruches encore infest\u00e9es.<\/p>\n\n\n\n<p><strong>Pr\u00e9cautions :<\/strong><\/p>\n\n\n\n<p>Le produit doit \u00eatre utilis\u00e9 principalement lorsque\nl\u2019activit\u00e9 de vol des abeilles est faible ( fin d\u2019apr\u00e8s-midi ou soir ). La\np\u00e9nombre facilite la distribution du produit entre les abeilles.<\/p>\n\n\n\n<p>Pour \u00e9viter que certaines abeilles soient victimes d\u2019un\nsurdosage, il faut veiller \u00e0 administrer VarroMed uniform\u00e9ment sur les\nabeilles, en particulier pour la grappe hivernale.<\/p>\n\n\n\n<p>Le\nproduit ne doit pas \u00eatre utilis\u00e9 pendant la miell\u00e9e ou lorsque des hausses sont\nsur la ruche.<\/p>\n\n\n\n<p>Avant\nutilisation, le produit doit \u00eatre \u00e0 une temp\u00e9rature comprise entre 25 et 35 \u00b0C,\npuis \u00eatre bien agit\u00e9.<\/p>\n\n\n\n<p>Il est\nrecommand\u00e9 de supprimer les ponts de cire entre les baguettes sup\u00e9rieures des\ncadres avant le traitement. Les cadres ne doivent pas \u00eatre soulev\u00e9s lors de\nl\u2019administration et pendant une semaine environ apr\u00e8s le dernier traitement.<\/p>\n\n\n\n<p>La mortalit\u00e9\ndes acariens doit \u00eatre surveill\u00e9e afin d\u2019\u00e9tablir le niveau d\u2019infestation d\u2019une\nruche. La chute d\u2019acariens sur le plancher de la ruche doit \u00eatre relev\u00e9e avant\nle premier traitement et jusqu\u2019\u00e0 6 jours apr\u00e8s chaque traitement.<\/p>\n\n\n\n<p>Toutes les\ncolonies situ\u00e9es au m\u00eame endroit doivent \u00eatre trait\u00e9es simultan\u00e9ment pour\nminimiser le risque de r\u00e9-infestation.<\/p>\n\n\n\n<p>Le\nproduit ne doit pas \u00eatre m\u00e9lang\u00e9 avec d\u2019autres m\u00e9dicaments v\u00e9t\u00e9rinaires.<\/p>\n","protected":false},"excerpt":{"rendered":"<p>VARROMED : Traitement antivarroose, que nous qualifierons de compl\u00e9mentaire, car il ne dispense pas,selon nous, des traitements \u00ab longue dur\u00e9e \u00bb. Ses points forts: -Produit \u00e0 base de substances naturelles: acide oxalique, acide formique, propolis, huiles essentielles -Utilisable en apiculture biologique, il est inoffensif pour les abeilles, pour la reine, pour l\u2019apiculteur et pour l\u2019environnement ( attention toutefois \u00e0 la fr\u00e9quence des passages et au surdosage ) -Flexibilit\u00e9 et adaptation aux besoins des ruches: possibilit\u00e9 de traiter \u00e0 tout moment&#8230;<\/p>\n<p class=\"read-more\"><a class=\"btn btn-default\" href=\"https:\/\/gdsa30.fr\/index.php\/varromed\/\">Lire la suite<span class=\"screen-reader-text\"> Lire la suite<\/span><\/a><\/p>\n","protected":false},"author":3,"featured_media":0,"parent":0,"menu_order":0,"comment_status":"closed","ping_status":"closed","template":"","meta":{"footnotes":""},"class_list":["post-9854","page","type-page","status-publish","hentry"],"_links":{"self":[{"href":"https:\/\/gdsa30.fr\/index.php\/wp-json\/wp\/v2\/pages\/9854","targetHints":{"allow":["GET"]}}],"collection":[{"href":"https:\/\/gdsa30.fr\/index.php\/wp-json\/wp\/v2\/pages"}],"about":[{"href":"https:\/\/gdsa30.fr\/index.php\/wp-json\/wp\/v2\/types\/page"}],"author":[{"embeddable":true,"href":"https:\/\/gdsa30.fr\/index.php\/wp-json\/wp\/v2\/users\/3"}],"replies":[{"embeddable":true,"href":"https:\/\/gdsa30.fr\/index.php\/wp-json\/wp\/v2\/comments?post=9854"}],"version-history":[{"count":1,"href":"https:\/\/gdsa30.fr\/index.php\/wp-json\/wp\/v2\/pages\/9854\/revisions"}],"predecessor-version":[{"id":9859,"href":"https:\/\/gdsa30.fr\/index.php\/wp-json\/wp\/v2\/pages\/9854\/revisions\/9859"}],"wp:attachment":[{"href":"https:\/\/gdsa30.fr\/index.php\/wp-json\/wp\/v2\/media?parent=9854"}],"curies":[{"name":"wp","href":"https:\/\/api.w.org\/{rel}","templated":true}]}}